Last updated on 2023-02-05 19:51:10 CET.
Flavor | Version | Tinstall | Tcheck | Ttotal | Status | Flags |
---|---|---|---|---|---|---|
r-devel-linux-x86_64-debian-clang | 1.0.2 | 13.27 | 219.94 | 233.21 | NOTE | |
r-devel-linux-x86_64-debian-gcc | 1.0.2 | 11.38 | 160.31 | 171.69 | NOTE | |
r-devel-linux-x86_64-fedora-clang | 1.0.2 | 304.48 | NOTE | |||
r-devel-linux-x86_64-fedora-gcc | 1.0.2 | 283.55 | NOTE | |||
r-devel-windows-x86_64 | 1.0.2 | 36.00 | 247.00 | 283.00 | NOTE | |
r-patched-linux-x86_64 | 1.0.2 | 14.38 | 203.79 | 218.17 | OK | |
r-release-linux-x86_64 | 1.0.2 | 10.31 | 209.78 | 220.09 | OK | |
r-release-macos-arm64 | 1.0.2 | 75.00 | OK | |||
r-release-macos-x86_64 | 1.0.2 | 163.00 | OK | |||
r-release-windows-x86_64 | 1.0.2 | 33.00 | 257.00 | 290.00 | OK | |
r-oldrel-macos-arm64 | 1.0.2 | 112.00 | OK | |||
r-oldrel-macos-x86_64 | 1.0.2 | 173.00 | OK | |||
r-oldrel-windows-ix86+x86_64 | 1.0.2 | 29.00 | 255.00 | 284.00 | OK |
Version: 1.0.2
Check: package subdirectories
Result: NOTE
Problems with news in ‘NEWS.md’:
No news entries found.
Flavors: r-devel-linux-x86_64-debian-clang, r-devel-linux-x86_64-debian-gcc, r-devel-linux-x86_64-fedora-clang, r-devel-linux-x86_64-fedora-gcc, r-devel-windows-x86_64