CRAN Package Check Results for Package cytometree

Last updated on 2024-02-28 19:49:33 CET.

Flavor Version Tinstall Tcheck Ttotal Status Flags
r-devel-linux-x86_64-debian-clang 2.0.2 36.41 497.82 534.23 NOTE
r-devel-linux-x86_64-debian-gcc 2.0.2 30.91 366.31 397.22 NOTE
r-devel-linux-x86_64-fedora-clang 2.0.2 646.91 NOTE
r-devel-linux-x86_64-fedora-gcc 2.0.2 709.79 NOTE
r-devel-windows-x86_64 2.0.2 33.00 396.00 429.00 OK
r-patched-linux-x86_64 2.0.2 39.99 481.80 521.79 OK
r-release-linux-x86_64 2.0.2 38.26 489.70 527.96 OK
r-release-macos-arm64 2.0.2 189.00 OK
r-release-macos-x86_64 2.0.2 345.00 OK
r-release-windows-x86_64 2.0.2 42.00 509.00 551.00 OK
r-oldrel-macos-arm64 2.0.2 164.00 OK
r-oldrel-windows-x86_64 2.0.2 42.00 497.00 539.00 OK

Check Details

Version: 2.0.2
Check: Rd files
Result: NOTE checkRd: (-1) CytofTree.Rd:47-48: Lost braces in \itemize; \value handles \item{}{} directly checkRd: (-1) CytofTree.Rd:49: Lost braces in \itemize; \value handles \item{}{} directly checkRd: (-1) CytofTree.Rd:50: Lost braces in \itemize; \value handles \item{}{} directly checkRd: (-1) CytofTree.Rd:51-52: Lost braces in \itemize; \value handles \item{}{} directly checkRd: (-1) CytofTree.Rd:53: Lost braces in \itemize; \value handles \item{}{} directly checkRd: (-1) CytofTree.Rd:54: Lost braces in \itemize; \value handles \item{}{} directly checkRd: (-1) CytomeTree.Rd:33-34: Lost braces in \itemize; \value handles \item{}{} directly checkRd: (-1) CytomeTree.Rd:35: Lost braces in \itemize; \value handles \item{}{} directly checkRd: (-1) CytomeTree.Rd:36: Lost braces in \itemize; \value handles \item{}{} directly checkRd: (-1) CytomeTree.Rd:37-38: Lost braces in \itemize; \value handles \item{}{} directly checkRd: (-1) RetrievePops.Rd:20-21: Lost braces in \itemize; \value handles \item{}{} directly checkRd: (-1) RetrievePops.Rd:22-23: Lost braces in \itemize; \value handles \item{}{} directly Flavors: r-devel-linux-x86_64-debian-clang, r-devel-linux-x86_64-debian-gcc, r-devel-linux-x86_64-fedora-clang, r-devel-linux-x86_64-fedora-gcc