CRAN Package Check Results for Package d3Tree

Last updated on 2022-01-25 19:50:28 CET.

Flavor Version Tinstall Tcheck Ttotal Status Flags
r-devel-linux-x86_64-debian-clang 0.2.2 5.04 57.05 62.09 OK
r-devel-linux-x86_64-debian-gcc 0.2.2 4.34 46.28 50.62 OK
r-devel-linux-x86_64-fedora-clang 0.2.2 71.31 NOTE
r-devel-linux-x86_64-fedora-gcc 0.2.2 62.01 NOTE
r-devel-windows-x86_64-new-UL 0.2.2 45.00 79.00 124.00 OK
r-devel-windows-x86_64-new-TK 0.2.2 NOTE
r-patched-linux-x86_64 0.2.2 5.14 50.05 55.19 OK
r-release-linux-x86_64 0.2.2 3.89 50.57 54.46 OK
r-release-macos-arm64 0.2.2 NOTE
r-release-macos-x86_64 0.2.2 NOTE
r-release-windows-ix86+x86_64 0.2.2 13.00 62.00 75.00 OK
r-oldrel-macos-x86_64 0.2.2 NOTE
r-oldrel-windows-ix86+x86_64 0.2.2 13.00 62.00 75.00 OK

Check Details

Version: 0.2.2
Check: dependencies in R code
Result: NOTE
    Namespace in Imports field not imported from: ‘magrittr’
     All declared Imports should be used.
Flavors: r-devel-linux-x86_64-fedora-clang, r-devel-linux-x86_64-fedora-gcc, r-devel-windows-x86_64-new-TK, r-release-macos-arm64, r-release-macos-x86_64, r-oldrel-macos-x86_64