CRAN Package Check Results for Package daarem

Last updated on 2024-07-13 21:44:37 CEST.

Flavor Version Tinstall Tcheck Ttotal Status Flags
r-devel-linux-x86_64-debian-clang 0.7 2.53 25.12 27.65 NOTE
r-devel-linux-x86_64-debian-gcc 0.7 1.97 19.17 21.14 NOTE
r-devel-linux-x86_64-fedora-clang 0.7 34.78 NOTE
r-devel-linux-x86_64-fedora-gcc 0.7 32.39 NOTE
r-devel-windows-x86_64 0.7 3.00 41.00 44.00 NOTE
r-patched-linux-x86_64 0.7 2.83 24.39 27.22 NOTE
r-release-linux-x86_64 0.7 2.02 23.87 25.89 NOTE
r-release-macos-arm64 0.7 14.00 NOTE
r-release-macos-x86_64 0.7 22.00 NOTE
r-release-windows-x86_64 0.7 3.00 40.00 43.00 NOTE
r-oldrel-macos-arm64 0.7 17.00 OK
r-oldrel-macos-x86_64 0.7 22.00 OK
r-oldrel-windows-x86_64 0.7 4.00 39.00 43.00 OK

Check Details

Version: 0.7
Check: Rd files
Result: NOTE checkRd: (-1) fpiter.Rd:55-58: Lost braces 55 | \code{tol}{ A small, positive scalar that determines when iterations | ^ checkRd: (-1) fpiter.Rd:60-61: Lost braces 60 | \code{maxiter}{ An integer denoting the maximum limit on the number of | ^ checkRd: (-1) fpiter.Rd:63-65: Lost braces 63 | \code{trace}{ A logical variable denoting whether some of the intermediate | ^ Flavors: r-devel-linux-x86_64-debian-clang, r-devel-linux-x86_64-debian-gcc, r-devel-linux-x86_64-fedora-clang, r-devel-linux-x86_64-fedora-gcc, r-devel-windows-x86_64, r-patched-linux-x86_64, r-release-linux-x86_64, r-release-macos-arm64, r-release-macos-x86_64, r-release-windows-x86_64