CRAN Package Check Results for Package dados

Last updated on 2024-02-29 20:05:23 CET.

Flavor Version Tinstall Tcheck Ttotal Status Flags
r-devel-linux-x86_64-debian-clang 0.1.0 6.87 87.27 94.14 OK
r-devel-linux-x86_64-debian-gcc 0.1.0 4.93 68.41 73.34 OK
r-devel-linux-x86_64-fedora-clang 0.1.0 121.39 NOTE
r-devel-linux-x86_64-fedora-gcc 0.1.0 115.83 NOTE
r-devel-windows-x86_64 0.1.0 7.00 87.00 94.00 OK
r-patched-linux-x86_64 0.1.0 6.34 84.35 90.69 OK
r-release-linux-x86_64 0.1.0 6.27 85.62 91.89 OK
r-release-macos-arm64 0.1.0 44.00 OK
r-release-macos-x86_64 0.1.0 69.00 OK
r-release-windows-x86_64 0.1.0 11.00 105.00 116.00 OK
r-oldrel-macos-arm64 0.1.0 51.00 NOTE
r-oldrel-windows-x86_64 0.1.0 10.00 123.00 133.00 OK

Check Details

Version: 0.1.0
Check: data for non-ASCII characters
Result: NOTE Note: found 109157 marked UTF-8 strings Flavors: r-devel-linux-x86_64-fedora-clang, r-devel-linux-x86_64-fedora-gcc, r-oldrel-macos-arm64