CRAN Package Check Results for Package dataquieR

Last updated on 2022-09-25 21:54:47 CEST.

Flavor Version Tinstall Tcheck Ttotal Status Flags
r-devel-linux-x86_64-debian-clang 1.0.10 24.33 416.35 440.68 OK
r-devel-linux-x86_64-debian-gcc 1.0.10 16.89 285.85 302.74 OK
r-devel-linux-x86_64-fedora-clang 1.0.10 497.26 OK
r-devel-linux-x86_64-fedora-gcc 1.0.10 521.32 OK
r-devel-windows-x86_64 1.0.10 217.00 477.00 694.00 OK
r-patched-linux-x86_64 1.0.10 30.60 379.30 409.90 OK
r-release-linux-x86_64 1.0.10 19.35 382.42 401.77 OK
r-release-macos-arm64 1.0.10 121.00 OK
r-release-macos-x86_64 1.0.10 197.00 OK
r-release-windows-x86_64 1.0.10 218.00 432.00 650.00 OK
r-oldrel-macos-arm64 1.0.10 104.00 OK
r-oldrel-macos-x86_64 1.0.10 201.00 OK
r-oldrel-windows-ix86+x86_64 1.0.10 40.00 465.00 505.00 WARN

Check Details

Version: 1.0.10
Check: for unstated dependencies in ‘tests’
Result: WARN
    Warning: unable to access index for repository https://bioconductor.org/packages/3.14/bioc/src/contrib:
     cannot open URL 'https://bioconductor.org/packages/3.14/bioc/src/contrib/PACKAGES'
    Warning: unable to access index for repository https://bioconductor.org/packages/3.14/data/annotation/src/contrib:
     cannot open URL 'https://bioconductor.org/packages/3.14/data/annotation/src/contrib/PACKAGES'
    Warning: unable to access index for repository https://bioconductor.org/packages/3.14/data/experiment/src/contrib:
     cannot open URL 'https://bioconductor.org/packages/3.14/data/experiment/src/contrib/PACKAGES'
Flavor: r-oldrel-windows-ix86+x86_64