CRAN Package Check Results for Package dateutils

Last updated on 2024-06-14 22:57:14 CEST.

Flavor Version Tinstall Tcheck Ttotal Status Flags
r-devel-linux-x86_64-debian-clang 0.1.5 42.65 88.22 130.87 WARN
r-devel-linux-x86_64-debian-gcc 0.1.5 29.82 65.04 94.86 OK
r-devel-linux-x86_64-fedora-clang 0.1.5 176.37 OK
r-devel-linux-x86_64-fedora-gcc 0.1.5 183.07 OK
r-devel-windows-x86_64 0.1.5 35.00 119.00 154.00 OK
r-patched-linux-x86_64 0.1.5 35.50 85.40 120.90 OK
r-release-linux-x86_64 0.1.5 41.37 86.51 127.88 OK
r-release-macos-arm64 0.1.5 43.00 OK
r-release-macos-x86_64 0.1.5 71.00 OK
r-release-windows-x86_64 0.1.5 37.00 121.00 158.00 OK
r-oldrel-macos-arm64 0.1.5 48.00 OK
r-oldrel-macos-x86_64 0.1.5 82.00 OK
r-oldrel-windows-x86_64 0.1.5 44.00 133.00 177.00 OK

Check Details

Version: 0.1.5
Check: dependencies in R code
Result: NOTE Fortran STOP IEEE arithmetic exceptions signaled: INEXACT Flavor: r-devel-linux-x86_64-debian-clang

Version: 0.1.5
Check: S3 generic/method consistency
Result: WARN Fortran STOP IEEE arithmetic exceptions signaled: INEXACT See section ‘Generic functions and methods’ in the ‘Writing R Extensions’ manual. Flavor: r-devel-linux-x86_64-debian-clang

Version: 0.1.5
Check: replacement functions
Result: WARN Fortran STOP IEEE arithmetic exceptions signaled: INEXACT The argument of a replacement function which corresponds to the right hand side must be named ‘value’. Flavor: r-devel-linux-x86_64-debian-clang

Version: 0.1.5
Check: foreign function calls
Result: NOTE Fortran STOP IEEE arithmetic exceptions signaled: INEXACT See chapter ‘System and foreign language interfaces’ in the ‘Writing R Extensions’ manual. Flavor: r-devel-linux-x86_64-debian-clang

Version: 0.1.5
Check: R code for possible problems
Result: NOTE Fortran STOP IEEE arithmetic exceptions signaled: INEXACT Fortran STOP IEEE arithmetic exceptions signaled: INEXACT Fortran STOP IEEE arithmetic exceptions signaled: INEXACT Flavor: r-devel-linux-x86_64-debian-clang

Version: 0.1.5
Check: for missing documentation entries
Result: WARN Fortran STOP IEEE arithmetic exceptions signaled: INEXACT All user-level objects in a package should have documentation entries. See chapter ‘Writing R documentation files’ in the ‘Writing R Extensions’ manual. Flavor: r-devel-linux-x86_64-debian-clang

Version: 0.1.5
Check: for code/documentation mismatches
Result: WARN Fortran STOP IEEE arithmetic exceptions signaled: INEXACT Fortran STOP IEEE arithmetic exceptions signaled: INEXACT Fortran STOP IEEE arithmetic exceptions signaled: INEXACT Flavor: r-devel-linux-x86_64-debian-clang

Version: 0.1.5
Check: Rd \usage sections
Result: NOTE Fortran STOP IEEE arithmetic exceptions signaled: INEXACT The \usage entries for S3 methods should use the \method markup and not their full name. See chapter ‘Writing R documentation files’ in the ‘Writing R Extensions’ manual. Flavor: r-devel-linux-x86_64-debian-clang