CRAN Package Check Results for Package dbGaPCheckup

Last updated on 2023-12-10 19:49:08 CET.

Flavor Version Tinstall Tcheck Ttotal Status Flags
r-devel-linux-x86_64-debian-clang 1.1.0 10.88 145.94 156.82 NOTE
r-devel-linux-x86_64-debian-gcc 1.1.0 8.95 108.06 117.01 NOTE
r-devel-linux-x86_64-fedora-clang 1.1.0 197.82 OK
r-devel-linux-x86_64-fedora-gcc 1.1.0 194.43 OK
r-devel-windows-x86_64 1.1.0 12.00 131.00 143.00 OK
r-patched-linux-x86_64 1.1.0 9.72 138.68 148.40 OK
r-release-linux-x86_64 1.1.0 8.49 137.48 145.97 OK
r-release-macos-arm64 1.1.0 67.00 OK
r-release-macos-x86_64 1.1.0 136.00 OK
r-release-windows-x86_64 1.1.0 15.00 157.00 172.00 OK
r-oldrel-macos-arm64 1.1.0 150.00 OK
r-oldrel-macos-x86_64 1.1.0 124.00 OK
r-oldrel-windows-x86_64 1.1.0 16.00 152.00 168.00 OK

Check Details

Version: 1.1.0
Check: Rd files
Result: NOTE checkRd: (-1) value_missing_table.Rd:19: Lost braces in \itemize; \value handles \item{}{} directly checkRd: (-1) value_missing_table.Rd:20: Lost braces in \itemize; \value handles \item{}{} directly Flavors: r-devel-linux-x86_64-debian-clang, r-devel-linux-x86_64-debian-gcc