CRAN Package Check Results for Package dbglm

Last updated on 2021-12-03 19:50:08 CET.

Flavor Version Tinstall Tcheck Ttotal Status Flags
r-devel-linux-x86_64-debian-clang 1.0.0 5.63 50.70 56.33 OK
r-devel-linux-x86_64-debian-gcc 1.0.0 4.30 38.71 43.01 OK
r-devel-linux-x86_64-fedora-clang 1.0.0 79.90 NOTE
r-devel-linux-x86_64-fedora-gcc 1.0.0 66.60 NOTE
r-devel-windows-x86_64-new-UL 1.0.0 13.00 96.00 109.00 OK
r-devel-windows-x86_64-new-TK 1.0.0 NOTE
r-devel-windows-x86_64-old 1.0.0 11.00 51.00 62.00 OK
r-patched-linux-x86_64 1.0.0 6.26 47.76 54.02 OK
r-release-linux-x86_64 1.0.0 5.41 47.03 52.44 OK
r-release-macos-arm64 1.0.0 NOTE
r-release-macos-x86_64 1.0.0 NOTE
r-release-windows-ix86+x86_64 1.0.0 15.00 70.00 85.00 OK
r-oldrel-macos-x86_64 1.0.0 NOTE
r-oldrel-windows-ix86+x86_64 1.0.0 15.00 70.00 85.00 OK

Check Details

Version: 1.0.0
Check: dependencies in R code
Result: NOTE
    Namespaces in Imports field not imported from:
     ‘knitr’ ‘tidyverse’ ‘vctrs’
     All declared Imports should be used.
Flavors: r-devel-linux-x86_64-fedora-clang, r-devel-linux-x86_64-fedora-gcc, r-devel-windows-x86_64-new-TK, r-release-macos-arm64, r-release-macos-x86_64, r-oldrel-macos-x86_64