CRAN Package Check Results for Package dbhydroR

Last updated on 2025-04-30 21:52:42 CEST.

Flavor Version Tinstall Tcheck Ttotal Status Flags
r-devel-linux-x86_64-debian-clang 0.2-8 4.69 45.27 49.96 OK
r-devel-linux-x86_64-debian-gcc 0.2-8 2.89 35.25 38.14 OK
r-devel-linux-x86_64-fedora-clang 0.2-8 79.02 OK
r-devel-linux-x86_64-fedora-gcc 0.2-8 88.93 OK
r-devel-windows-x86_64 0.2-8 6.00 68.00 74.00 OK
r-patched-linux-x86_64 0.2-8 3.72 43.17 46.89 OK
r-release-linux-x86_64 0.2-8 4.22 42.82 47.04 OK
r-release-macos-arm64 0.2-8 43.00 OK
r-release-macos-x86_64 0.2-8 68.00 OK
r-release-windows-x86_64 0.2-8 7.00 73.00 80.00 OK
r-oldrel-macos-arm64 0.2-8 30.00 NOTE
r-oldrel-macos-x86_64 0.2-8 50.00 NOTE
r-oldrel-windows-x86_64 0.2-8 7.00 70.00 77.00 NOTE

Check Details

Version: 0.2-8
Check: LazyData
Result: NOTE 'LazyData' is specified without a 'data' directory Flavors: r-oldrel-macos-arm64, r-oldrel-macos-x86_64, r-oldrel-windows-x86_64