CRAN Package Check Results for Package dbhydroR

Last updated on 2024-06-14 22:57:14 CEST.

Flavor Version Tinstall Tcheck Ttotal Status Flags
r-devel-linux-x86_64-debian-clang 0.2-8 4.82 55.04 59.86 NOTE
r-devel-linux-x86_64-debian-gcc 0.2-8 4.35 42.29 46.64 NOTE
r-devel-linux-x86_64-fedora-clang 0.2-8 78.06 NOTE
r-devel-linux-x86_64-fedora-gcc 0.2-8 85.92 NOTE
r-devel-windows-x86_64 0.2-8 5.00 60.00 65.00 NOTE
r-patched-linux-x86_64 0.2-8 5.87 54.03 59.90 NOTE
r-release-linux-x86_64 0.2-8 5.34 53.96 59.30 NOTE
r-release-macos-arm64 0.2-8 30.00 NOTE
r-release-macos-x86_64 0.2-8 50.00 NOTE
r-release-windows-x86_64 0.2-8 5.00 63.00 68.00 NOTE
r-oldrel-macos-arm64 0.2-8 32.00 NOTE
r-oldrel-macos-x86_64 0.2-8 48.00 NOTE
r-oldrel-windows-x86_64 0.2-8 8.00 66.00 74.00 NOTE

Check Details

Version: 0.2-8
Check: LazyData
Result: NOTE 'LazyData' is specified without a 'data' directory Flavors: r-devel-linux-x86_64-debian-clang, r-devel-linux-x86_64-debian-gcc, r-devel-linux-x86_64-fedora-clang, r-devel-linux-x86_64-fedora-gcc, r-devel-windows-x86_64, r-patched-linux-x86_64, r-release-linux-x86_64, r-release-macos-arm64, r-release-macos-x86_64, r-release-windows-x86_64, r-oldrel-macos-arm64, r-oldrel-macos-x86_64, r-oldrel-windows-x86_64