CRAN Package Check Results for Package dbscan

Last updated on 2021-11-27 19:49:31 CET.

Flavor Version Tinstall Tcheck Ttotal Status Flags
r-devel-linux-x86_64-debian-clang 1.1-8 OK
r-devel-linux-x86_64-debian-gcc 1.1-8 103.58 76.90 180.48 OK
r-devel-linux-x86_64-fedora-clang 1.1-8 387.56 NOTE
r-devel-linux-x86_64-fedora-gcc 1.1-8 328.28 OK
r-devel-windows-x86_64-new-UL 1.1-8 208.00 237.00 445.00 OK
r-devel-windows-x86_64-new-TK 1.1-8 OK
r-devel-windows-x86_64-old 1.1-8 138.00 151.00 289.00 OK
r-patched-linux-x86_64 1.1-8 126.14 90.98 217.12 OK
r-patched-solaris-x86 1.1-8 305.10 OK
r-release-linux-x86_64 1.1-8 OK
r-release-macos-arm64 1.1-8 NOTE
r-release-macos-x86_64 1.1-8 NOTE
r-release-windows-ix86+x86_64 1.1-8 361.00 164.00 525.00 NOTE
r-oldrel-macos-x86_64 1.1-8 NOTE
r-oldrel-windows-ix86+x86_64 1.1-8 256.00 191.00 447.00 NOTE

Check Details

Version: 1.1-8
Check: installed package size
Result: NOTE
     installed size is 9.8Mb
     sub-directories of 1Mb or more:
     doc 2.6Mb
     libs 6.8Mb
Flavors: r-devel-linux-x86_64-fedora-clang, r-release-macos-arm64, r-release-macos-x86_64, r-release-windows-ix86+x86_64, r-oldrel-macos-x86_64, r-oldrel-windows-ix86+x86_64