CRAN Package Check Results for Package dbscan

Last updated on 2022-09-30 21:48:54 CEST.

Flavor Version Tinstall Tcheck Ttotal Status Flags
r-devel-linux-x86_64-debian-clang 1.1-10 158.52 100.20 258.72 NOTE
r-devel-linux-x86_64-debian-gcc 1.1-10 116.92 75.37 192.29 NOTE
r-devel-linux-x86_64-fedora-clang 1.1-10 417.05 NOTE
r-devel-linux-x86_64-fedora-gcc 1.1-10 358.64 NOTE
r-devel-windows-x86_64 1.1-10 264.00 185.00 449.00 NOTE
r-patched-linux-x86_64 1.1-10 135.87 96.12 231.99 OK
r-release-linux-x86_64 1.1-10 131.82 96.11 227.93 OK
r-release-macos-arm64 1.1-10 93.00 NOTE
r-release-macos-x86_64 1.1-10 129.00 NOTE
r-release-windows-x86_64 1.1-10 135.00 190.00 325.00 OK
r-oldrel-macos-arm64 1.1-10 95.00 NOTE
r-oldrel-macos-x86_64 1.1-10 140.00 NOTE
r-oldrel-windows-ix86+x86_64 1.1-10 383.00 205.00 588.00 NOTE

Check Details

Version: 1.1-10
Check: package subdirectories
Result: NOTE
    Problems with news in 'NEWS.md':
     Cannot extract version info from the following section titles:
     Changes
Flavors: r-devel-linux-x86_64-debian-clang, r-devel-linux-x86_64-debian-gcc, r-devel-linux-x86_64-fedora-clang, r-devel-linux-x86_64-fedora-gcc, r-devel-windows-x86_64

Version: 1.1-10
Check: installed package size
Result: NOTE
     installed size is 9.5Mb
     sub-directories of 1Mb or more:
     doc 2.6Mb
     libs 6.5Mb
Flavors: r-release-macos-arm64, r-release-macos-x86_64, r-oldrel-macos-arm64, r-oldrel-macos-x86_64, r-oldrel-windows-ix86+x86_64