Last updated on 2023-12-10 19:49:08 CET.
Flavor | Version | Tinstall | Tcheck | Ttotal | Status | Flags |
---|---|---|---|---|---|---|
r-devel-linux-x86_64-debian-clang | 2.0.1 | 7.45 | 61.14 | 68.59 | NOTE | |
r-devel-linux-x86_64-debian-gcc | 2.0.1 | 6.11 | 49.47 | 55.58 | NOTE | |
r-devel-linux-x86_64-fedora-clang | 2.0.1 | 90.71 | NOTE | |||
r-devel-linux-x86_64-fedora-gcc | 2.0.1 | 86.54 | NOTE | |||
r-devel-windows-x86_64 | 2.0.1 | 7.00 | 70.00 | 77.00 | NOTE | |
r-patched-linux-x86_64 | 2.0.1 | 7.95 | 63.88 | 71.83 | NOTE | |
r-release-linux-x86_64 | 2.0.1 | 7.40 | 63.56 | 70.96 | NOTE | |
r-release-macos-arm64 | 2.0.1 | 29.00 | NOTE | |||
r-release-macos-x86_64 | 2.0.1 | 49.00 | NOTE | |||
r-release-windows-x86_64 | 2.0.1 | 6.00 | 80.00 | 86.00 | NOTE | |
r-oldrel-macos-arm64 | 2.0.1 | 28.00 | OK | |||
r-oldrel-macos-x86_64 | 2.0.1 | 40.00 | OK | |||
r-oldrel-windows-x86_64 | 2.0.1 | 9.00 | 86.00 | 95.00 | OK |
Version: 2.0.1
Check: Rd \usage sections
Result: NOTE
S3 methods shown with full name in Rd file 'dbglm-internal.Rd':
‘dbglm.iteration’
The \usage entries for S3 methods should use the \method markup and not
their full name.
See chapter ‘Writing R documentation files’ in the ‘Writing R
Extensions’ manual.
Flavors: r-devel-linux-x86_64-debian-clang, r-devel-linux-x86_64-debian-gcc, r-devel-linux-x86_64-fedora-clang, r-devel-linux-x86_64-fedora-gcc, r-devel-windows-x86_64
Version: 2.0.1
Check: Rd \usage sections
Result: NOTE
S3 methods shown with full name in documentation object 'dbglm-inl':
‘dbglm.iteration’
The \usage entries for S3 methods should use the \method markup and not
their full name.
See chapter ‘Writing R documentation files’ in the ‘Writing R
Extensions’ manual.
Flavors: r-patched-linux-x86_64, r-release-linux-x86_64, r-release-macos-arm64, r-release-macos-x86_64, r-release-windows-x86_64