CRAN Package Check Results for Package dclone

Last updated on 2022-09-30 21:48:54 CEST.

Flavor Version Tinstall Tcheck Ttotal Status Flags
r-devel-linux-x86_64-debian-clang 2.3-0 18.58 154.16 172.74 OK
r-devel-linux-x86_64-debian-gcc 2.3-0 12.94 113.29 126.23 OK
r-devel-linux-x86_64-fedora-clang 2.3-0 225.89 OK
r-devel-linux-x86_64-fedora-gcc 2.3-0 218.87 OK
r-devel-windows-x86_64 2.3-0 38.00 181.00 219.00 NOTE
r-patched-linux-x86_64 2.3-0 17.33 143.99 161.32 OK
r-release-linux-x86_64 2.3-0 10.88 143.42 154.30 OK
r-release-macos-arm64 2.3-0 70.00 NOTE
r-release-macos-x86_64 2.3-0 89.00 NOTE
r-release-windows-x86_64 2.3-0 38.00 188.00 226.00 NOTE
r-oldrel-macos-arm64 2.3-0 52.00 NOTE
r-oldrel-macos-x86_64 2.3-0 113.00 NOTE
r-oldrel-windows-ix86+x86_64 2.3-0 37.00 168.00 205.00 OK

Check Details

Version: 2.3-0
Check: package dependencies
Result: NOTE
    Package suggested but not available for checking: 'BRugs'
Flavors: r-devel-windows-x86_64, r-release-macos-arm64, r-release-macos-x86_64, r-release-windows-x86_64, r-oldrel-macos-arm64, r-oldrel-macos-x86_64