Last updated on 2025-01-24 19:48:25 CET.
Flavor | Version | Tinstall | Tcheck | Ttotal | Status | Flags |
---|---|---|---|---|---|---|
r-devel-linux-x86_64-debian-clang | 0.1.1 | 92.01 | 22.95 | 114.96 | OK | |
r-devel-linux-x86_64-debian-gcc | 0.1.1 | 58.91 | 18.39 | 77.30 | OK | |
r-devel-linux-x86_64-fedora-clang | 0.1.1 | 231.65 | OK | |||
r-devel-linux-x86_64-fedora-gcc | 0.1.1 | 223.03 | OK | |||
r-devel-windows-x86_64 | 0.1.1 | 91.00 | 63.00 | 154.00 | OK | |
r-patched-linux-x86_64 | 0.1.1 | 85.95 | 21.75 | 107.70 | NOTE | |
r-release-linux-x86_64 | 0.1.1 | 85.07 | 21.95 | 107.02 | NOTE | |
r-release-macos-arm64 | 0.1.1 | 52.00 | NOTE | |||
r-release-macos-x86_64 | 0.1.1 | 48.00 | NOTE | |||
r-release-windows-x86_64 | 0.1.1 | 90.00 | 64.00 | 154.00 | NOTE | |
r-oldrel-macos-arm64 | 0.1.1 | 61.00 | NOTE | |||
r-oldrel-macos-x86_64 | 0.1.1 | 101.00 | NOTE | |||
r-oldrel-windows-x86_64 | 0.1.1 | 107.00 | 72.00 | 179.00 | NOTE |
Version: 0.1.1
Check: LazyData
Result: NOTE
'LazyData' is specified without a 'data' directory
Flavors: r-patched-linux-x86_64, r-release-linux-x86_64, r-release-macos-arm64, r-release-macos-x86_64, r-release-windows-x86_64, r-oldrel-macos-arm64, r-oldrel-macos-x86_64, r-oldrel-windows-x86_64