CRAN Package Check Results for Package dcov

Last updated on 2024-03-01 19:48:56 CET.

Flavor Version Tinstall Tcheck Ttotal Status Flags
r-devel-linux-x86_64-debian-clang 0.1.1 136.88 28.55 165.43 NOTE
r-devel-linux-x86_64-debian-gcc 0.1.1 106.26 22.21 128.47 NOTE
r-devel-linux-x86_64-fedora-clang 0.1.1 275.78 NOTE
r-devel-linux-x86_64-fedora-gcc 0.1.1 267.83 NOTE
r-devel-windows-x86_64 0.1.1 111.00 67.00 178.00 NOTE
r-patched-linux-x86_64 0.1.1 140.05 27.98 168.03 NOTE
r-release-linux-x86_64 0.1.1 147.45 27.99 175.44 NOTE
r-release-macos-arm64 0.1.1 61.00 NOTE
r-release-macos-x86_64 0.1.1 101.00 NOTE
r-release-windows-x86_64 0.1.1 136.00 70.00 206.00 NOTE
r-oldrel-macos-arm64 0.1.1 53.00 NOTE
r-oldrel-windows-x86_64 0.1.1 137.00 68.00 205.00 NOTE

Check Details

Version: 0.1.1
Check: LazyData
Result: NOTE 'LazyData' is specified without a 'data' directory Flavors: r-devel-linux-x86_64-debian-clang, r-devel-linux-x86_64-debian-gcc, r-devel-linux-x86_64-fedora-clang, r-devel-linux-x86_64-fedora-gcc, r-devel-windows-x86_64, r-patched-linux-x86_64, r-release-linux-x86_64, r-release-macos-arm64, r-release-macos-x86_64, r-release-windows-x86_64, r-oldrel-macos-arm64, r-oldrel-windows-x86_64