Last updated on 2023-12-03 19:48:29 CET.
Flavor | Version | Tinstall | Tcheck | Ttotal | Status | Flags |
---|---|---|---|---|---|---|
r-devel-linux-x86_64-debian-clang | 1.3.13 | 190.27 | 138.12 | 328.39 | NOTE | |
r-devel-linux-x86_64-debian-gcc | 1.3.13 | 121.27 | 102.00 | 223.27 | NOTE | |
r-devel-linux-x86_64-fedora-clang | 1.3.13 | 511.10 | NOTE | |||
r-devel-linux-x86_64-fedora-gcc | 1.3.13 | 457.58 | NOTE | |||
r-devel-windows-x86_64 | 1.3.13 | 143.00 | 153.00 | 296.00 | NOTE | |
r-patched-linux-x86_64 | 1.3.13 | 147.37 | 133.65 | 281.02 | NOTE | |
r-release-linux-x86_64 | 1.3.13 | 158.87 | 130.51 | 289.38 | NOTE | |
r-release-macos-arm64 | 1.3.13 | 100.00 | NOTE | |||
r-release-macos-x86_64 | 1.3.13 | 179.00 | NOTE | |||
r-release-windows-x86_64 | 1.3.13 | 192.00 | 184.00 | 376.00 | NOTE | |
r-oldrel-macos-arm64 | 1.3.13 | 106.00 | OK | |||
r-oldrel-macos-x86_64 | 1.3.13 | 135.00 | OK | |||
r-oldrel-windows-x86_64 | 1.3.13 | 179.00 | 182.00 | 361.00 | OK |
Version: 1.3.13
Check: C++ specification
Result: NOTE
Specified C++11: please drop specification unless essential
Flavors: r-devel-linux-x86_64-debian-clang, r-devel-linux-x86_64-debian-gcc, r-devel-linux-x86_64-fedora-clang, r-devel-linux-x86_64-fedora-gcc, r-devel-windows-x86_64, r-patched-linux-x86_64, r-release-linux-x86_64, r-release-macos-arm64, r-release-macos-x86_64, r-release-windows-x86_64
Version: 1.3.13
Check: Rd files
Result: NOTE
checkRd: (-1) L2metric.Rd:10: Lost braces; missing escapes or markup?
10 | is the number of the equi-distant points {1,...,d} in the domain of the data [1,d] at which the functional
| ^
checkRd: (-1) L2metric.Rd:15: Lost braces; missing escapes or markup?
15 | is the number of the equi-distant points {1,...,d} in the domain of the data [1,d] at which the functional
| ^
checkRd: (-1) L2metric.Rd:27: Lost braces; missing escapes or markup?
27 | represented by matrices of their functional values on the common domain {1,...,d},
| ^
Flavors: r-devel-linux-x86_64-debian-clang, r-devel-linux-x86_64-debian-gcc
Version: 1.3.13
Check: Rd cross-references
Result: NOTE
Undeclared package ‘fda.usc’ in Rd xrefs
Flavor: r-devel-linux-x86_64-fedora-clang