CRAN Package Check Results for Package ddsPLS

Last updated on 2024-02-27 19:54:35 CET.

Flavor Version Tinstall Tcheck Ttotal Status Flags
r-devel-linux-x86_64-debian-clang 1.2.1 48.97 86.99 135.96 OK
r-devel-linux-x86_64-debian-gcc 1.2.1 40.73 65.63 106.36 OK
r-devel-linux-x86_64-fedora-clang 1.2.1 179.10 OK
r-devel-linux-x86_64-fedora-gcc 1.2.1 198.96 OK
r-devel-windows-x86_64 1.2.1 39.00 105.00 144.00 OK
r-patched-linux-x86_64 1.2.1 47.58 89.60 137.18 OK
r-release-linux-x86_64 1.2.1 53.99 89.94 143.93 OK
r-release-macos-arm64 1.2.1 65.00 NOTE
r-release-macos-x86_64 1.2.1 121.00 NOTE
r-release-windows-x86_64 1.2.1 48.00 137.00 185.00 OK
r-oldrel-macos-arm64 1.2.1 62.00 NOTE
r-oldrel-windows-x86_64 1.2.1 47.00 130.00 177.00 OK

Check Details

Version: 1.2.1
Check: installed package size
Result: NOTE installed size is 10.4Mb sub-directories of 1Mb or more: libs 9.7Mb Flavors: r-release-macos-arm64, r-release-macos-x86_64, r-oldrel-macos-arm64