CRAN Package Check Results for Package debkeepr

Last updated on 2024-03-02 19:50:15 CET.

Flavor Version Tinstall Tcheck Ttotal Status Flags
r-devel-linux-x86_64-debian-clang 0.1.1 7.26 117.41 124.67 OK
r-devel-linux-x86_64-debian-gcc 0.1.1 4.95 86.89 91.84 OK
r-devel-linux-x86_64-fedora-clang 0.1.1 148.10 NOTE
r-devel-linux-x86_64-fedora-gcc 0.1.1 156.18 NOTE
r-devel-windows-x86_64 0.1.1 7.00 104.00 111.00 OK
r-patched-linux-x86_64 0.1.1 8.07 111.73 119.80 OK
r-release-linux-x86_64 0.1.1 6.18 113.96 120.14 OK
r-release-macos-arm64 0.1.1 57.00 OK
r-release-macos-x86_64 0.1.1 87.00 OK
r-release-windows-x86_64 0.1.1 9.00 125.00 134.00 OK
r-oldrel-macos-arm64 0.1.1 50.00 OK
r-oldrel-windows-x86_64 0.1.1 8.00 130.00 138.00 OK

Check Details

Version: 0.1.1
Check: data for non-ASCII characters
Result: NOTE Note: found 53 marked UTF-8 strings Flavors: r-devel-linux-x86_64-fedora-clang, r-devel-linux-x86_64-fedora-gcc