Last updated on 2025-01-25 19:48:42 CET.
Flavor | Version | Tinstall | Tcheck | Ttotal | Status | Flags |
---|---|---|---|---|---|---|
r-devel-linux-x86_64-debian-clang | 1.114 | 19.49 | 208.22 | 227.71 | NOTE | |
r-devel-linux-x86_64-debian-gcc | 1.114 | 13.48 | 146.01 | 159.49 | NOTE | |
r-devel-linux-x86_64-fedora-clang | 1.114 | 386.44 | OK | |||
r-devel-linux-x86_64-fedora-gcc | 1.114 | 351.34 | OK | |||
r-devel-windows-x86_64 | 1.114 | 22.00 | 208.00 | 230.00 | NOTE | |
r-patched-linux-x86_64 | 1.114 | 25.21 | 195.06 | 220.27 | OK | |
r-release-linux-x86_64 | 1.114 | 17.29 | 195.23 | 212.52 | OK | |
r-release-macos-arm64 | 1.114 | 69.00 | OK | |||
r-release-macos-x86_64 | 1.114 | 139.00 | OK | |||
r-release-windows-x86_64 | 1.114 | 20.00 | 205.00 | 225.00 | OK | |
r-oldrel-macos-arm64 | 1.114 | 77.00 | OK | |||
r-oldrel-macos-x86_64 | 1.114 | 133.00 | OK | |||
r-oldrel-windows-x86_64 | 1.114 | 27.00 | 254.00 | 281.00 | OK |
Version: 1.114
Check: Rd cross-references
Result: NOTE
Found the following Rd file(s) with Rd \link{} targets missing package
anchors:
plot_cashflow.Rd: ggplot2
Please provide package anchors for all Rd \link{} targets not in the
package itself and the base packages.
Flavors: r-devel-linux-x86_64-debian-clang, r-devel-linux-x86_64-debian-gcc, r-devel-windows-x86_64