CRAN Package Check Results for Package deltaPlotR

Last updated on 2024-07-13 21:44:38 CEST.

Flavor Version Tinstall Tcheck Ttotal Status Flags
r-devel-linux-x86_64-debian-clang 1.6 2.64 28.97 31.61 NOTE
r-devel-linux-x86_64-debian-gcc 1.6 1.85 22.80 24.65 NOTE
r-devel-linux-x86_64-fedora-clang 1.6 40.98 NOTE
r-devel-linux-x86_64-fedora-gcc 1.6 38.75 NOTE
r-devel-windows-x86_64 1.6 3.00 45.00 48.00 NOTE
r-patched-linux-x86_64 1.6 3.26 29.02 32.28 NOTE
r-release-linux-x86_64 1.6 2.68 27.65 30.33 NOTE
r-release-macos-arm64 1.6 18.00 NOTE
r-release-macos-x86_64 1.6 24.00 NOTE
r-release-windows-x86_64 1.6 3.00 45.00 48.00 NOTE
r-oldrel-macos-arm64 1.6 16.00 OK
r-oldrel-macos-x86_64 1.6 21.00 OK
r-oldrel-windows-x86_64 1.6 4.00 43.00 47.00 OK

Check Details

Version: 1.6
Check: Rd files
Result: NOTE checkRd: (-1) deltaPlot.Rd:28: Lost braces 28 | \item{purify}{logical: should item purification be performed? (Default is code{FALSE}). See \bold{Details}.} | ^ Flavors: r-devel-linux-x86_64-debian-clang, r-devel-linux-x86_64-debian-gcc, r-devel-linux-x86_64-fedora-clang, r-devel-linux-x86_64-fedora-gcc, r-devel-windows-x86_64, r-patched-linux-x86_64, r-release-linux-x86_64, r-release-macos-arm64, r-release-macos-x86_64, r-release-windows-x86_64

Version: 1.6
Check: for non-standard things in the check directory
Result: NOTE Found the following files/directories: ‘res.pdf’ ‘res1.jpg’ Flavors: r-devel-linux-x86_64-debian-clang, r-devel-linux-x86_64-debian-gcc, r-devel-linux-x86_64-fedora-clang, r-devel-linux-x86_64-fedora-gcc, r-patched-linux-x86_64, r-release-linux-x86_64