CRAN Package Check Results for Package demoShiny

Last updated on 2022-01-27 19:50:55 CET.

Flavor Version Tinstall Tcheck Ttotal Status Flags
r-devel-linux-x86_64-debian-clang 0.1 2.90 43.31 46.21 NOTE
r-devel-linux-x86_64-debian-gcc 0.1 2.78 33.67 36.45 NOTE
r-devel-linux-x86_64-fedora-clang 0.1 56.45 NOTE
r-devel-linux-x86_64-fedora-gcc 0.1 45.58 NOTE
r-devel-windows-x86_64-new-UL 0.1 26.00 69.00 95.00 NOTE
r-devel-windows-x86_64-new-TK 0.1 NOTE
r-patched-linux-x86_64 0.1 3.29 40.60 43.89 NOTE
r-release-linux-x86_64 0.1 2.42 40.76 43.18 NOTE
r-release-macos-arm64 0.1 NOTE
r-release-macos-x86_64 0.1 NOTE
r-release-windows-ix86+x86_64 0.1 9.00 56.00 65.00 NOTE
r-oldrel-macos-x86_64 0.1 OK
r-oldrel-windows-ix86+x86_64 0.1 9.00 54.00 63.00 OK

Check Details

Version: 0.1
Check: LazyData
Result: NOTE
     'LazyData' is specified without a 'data' directory
Flavors: r-devel-linux-x86_64-debian-clang, r-devel-linux-x86_64-debian-gcc, r-devel-linux-x86_64-fedora-clang, r-devel-linux-x86_64-fedora-gcc, r-devel-windows-x86_64-new-UL, r-devel-windows-x86_64-new-TK, r-patched-linux-x86_64, r-release-linux-x86_64, r-release-macos-arm64, r-release-macos-x86_64, r-release-windows-ix86+x86_64