CRAN Package Check Results for Package dendextend

Last updated on 2022-01-28 19:50:52 CET.

Flavor Version Tinstall Tcheck Ttotal Status Flags
r-devel-linux-x86_64-debian-clang 1.15.2 13.45 301.18 314.63 OK
r-devel-linux-x86_64-debian-gcc 1.15.2 11.28 244.16 255.44 OK
r-devel-linux-x86_64-fedora-clang 1.15.2 384.56 NOTE
r-devel-linux-x86_64-fedora-gcc 1.15.2 371.81 OK
r-devel-windows-x86_64-new-UL 1.15.2 309.00 514.00 823.00 NOTE
r-devel-windows-x86_64-new-TK 1.15.2 OK
r-patched-linux-x86_64 1.15.2 14.28 268.80 283.08 OK
r-release-linux-x86_64 1.15.2 10.76 265.18 275.94 OK
r-release-macos-arm64 1.15.2 NOTE
r-release-macos-x86_64 1.15.2 NOTE
r-release-windows-ix86+x86_64 1.15.2 28.00 318.00 346.00 NOTE
r-oldrel-macos-x86_64 1.15.2 NOTE
r-oldrel-windows-ix86+x86_64 1.15.2 26.00 317.00 343.00 NOTE

Check Details

Version: 1.15.2
Check: installed package size
Result: NOTE
     installed size is 5.4Mb
     sub-directories of 1Mb or more:
     doc 4.2Mb
Flavors: r-devel-linux-x86_64-fedora-clang, r-devel-windows-x86_64-new-UL, r-release-macos-arm64, r-release-macos-x86_64, r-release-windows-ix86+x86_64, r-oldrel-macos-x86_64, r-oldrel-windows-ix86+x86_64

Version: 1.15.2
Check: Rd cross-references
Result: NOTE
    Undeclared packages ‘WGCNA’, ‘moduleColor’, ‘distory’, ‘phangorn’, ‘zoo’ in Rd xrefs
Flavor: r-devel-linux-x86_64-fedora-clang

Version: 1.15.2
Check: Rd cross-references
Result: NOTE
    Package unavailable to check Rd xrefs: ‘WGCNA’
Flavor: r-release-macos-x86_64