Last updated on 2023-12-10 19:49:09 CET.
Flavor | Version | Tinstall | Tcheck | Ttotal | Status | Flags |
---|---|---|---|---|---|---|
r-devel-linux-x86_64-debian-clang | 1.0.2 | 12.60 | 102.92 | 115.52 | OK | |
r-devel-linux-x86_64-debian-gcc | 1.0.2 | 10.62 | 77.29 | 87.91 | OK | |
r-devel-linux-x86_64-fedora-clang | 1.0.2 | 142.29 | OK | |||
r-devel-linux-x86_64-fedora-gcc | 1.0.2 | 137.10 | OK | |||
r-devel-windows-x86_64 | 1.0.2 | 11.00 | 92.00 | 103.00 | OK | |
r-patched-linux-x86_64 | 1.0.2 | 19.48 | 99.36 | 118.84 | OK | |
r-release-linux-x86_64 | 1.0.2 | 11.01 | 100.29 | 111.30 | OK | |
r-release-macos-arm64 | 1.0.2 | 46.00 | OK | |||
r-release-macos-x86_64 | 1.0.2 | 71.00 | NOTE | |||
r-release-windows-x86_64 | 1.0.2 | 16.00 | 108.00 | 124.00 | OK | |
r-oldrel-macos-arm64 | 1.0.2 | 42.00 | OK | |||
r-oldrel-macos-x86_64 | 1.0.2 | 72.00 | OK | |||
r-oldrel-windows-x86_64 | 1.0.2 | 16.00 | 112.00 | 128.00 | OK |
Version: 1.0.2
Check: package dependencies
Result: NOTE
Package suggested but not available for checking: ‘missMDA’
Flavor: r-release-macos-x86_64