CRAN Package Check Results for Package depcoeff

Last updated on 2021-11-29 19:51:27 CET.

Flavor Version Tinstall Tcheck Ttotal Status Flags
r-devel-linux-x86_64-debian-clang 0.0.1 27.99 76.06 104.05 NOTE
r-devel-linux-x86_64-debian-gcc 0.0.1 16.35 59.95 76.30 NOTE
r-devel-linux-x86_64-fedora-clang 0.0.1 141.44 NOTE
r-devel-linux-x86_64-fedora-gcc 0.0.1 124.70 NOTE
r-devel-windows-x86_64-new-UL 0.0.1 39.00 131.00 170.00 NOTE
r-devel-windows-x86_64-new-TK 0.0.1 NOTE
r-devel-windows-x86_64-old 0.0.1 37.00 77.00 114.00 NOTE
r-patched-linux-x86_64 0.0.1 21.77 73.55 95.32 NOTE
r-patched-solaris-x86 0.0.1 170.70 NOTE
r-release-linux-x86_64 0.0.1 21.96 73.58 95.54 NOTE
r-release-macos-arm64 0.0.1 NOTE
r-release-macos-x86_64 0.0.1 NOTE
r-release-windows-ix86+x86_64 0.0.1 61.00 107.00 168.00 NOTE
r-oldrel-macos-x86_64 0.0.1 OK
r-oldrel-windows-ix86+x86_64 0.0.1 53.00 114.00 167.00 OK

Check Details

Version: 0.0.1
Check: LazyData
Result: NOTE
     'LazyData' is specified without a 'data' directory
Flavors: r-devel-linux-x86_64-debian-clang, r-devel-linux-x86_64-debian-gcc, r-devel-linux-x86_64-fedora-clang, r-devel-linux-x86_64-fedora-gcc, r-devel-windows-x86_64-new-UL, r-devel-windows-x86_64-new-TK, r-devel-windows-x86_64-old, r-patched-linux-x86_64, r-patched-solaris-x86, r-release-linux-x86_64, r-release-macos-arm64, r-release-macos-x86_64, r-release-windows-ix86+x86_64