CRAN Package Check Results for Package depth

Last updated on 2021-12-03 19:50:08 CET.

Flavor Version Tinstall Tcheck Ttotal Status Flags
r-devel-linux-x86_64-debian-clang 2.1-1.1 11.38 56.91 68.29 OK
r-devel-linux-x86_64-debian-gcc 2.1-1.1 9.91 44.01 53.92 OK
r-devel-linux-x86_64-fedora-clang 2.1-1.1 93.53 NOTE
r-devel-linux-x86_64-fedora-gcc 2.1-1.1 81.22 NOTE
r-devel-windows-x86_64-new-UL 2.1-1.1 20.00 100.00 120.00 OK
r-devel-windows-x86_64-new-TK 2.1-1.1 OK
r-devel-windows-x86_64-old 2.1-1.1 16.00 56.00 72.00 OK
r-patched-linux-x86_64 2.1-1.1 11.53 54.81 66.34 OK
r-release-linux-x86_64 2.1-1.1 11.26 54.13 65.39 OK
r-release-macos-arm64 2.1-1.1 OK
r-release-macos-x86_64 2.1-1.1 OK
r-release-windows-ix86+x86_64 2.1-1.1 25.00 100.00 125.00 OK
r-oldrel-macos-x86_64 2.1-1.1 OK
r-oldrel-windows-ix86+x86_64 2.1-1.1 26.00 100.00 126.00 OK

Check Details

Version: 2.1-1.1
Check: compiled code
Result: NOTE
    File ‘depth/libs/depth.so’:
     Found no calls to: ‘R_registerRoutines’, ‘R_useDynamicSymbols’
    
    It is good practice to register native routines and to disable symbol
    search.
    
    See ‘Writing portable packages’ in the ‘Writing R Extensions’ manual.
Flavors: r-devel-linux-x86_64-fedora-clang, r-devel-linux-x86_64-fedora-gcc