Last updated on 2023-02-03 19:51:59 CET.
Flavor | Version | Tinstall | Tcheck | Ttotal | Status | Flags |
---|---|---|---|---|---|---|
r-devel-linux-x86_64-debian-clang | 0.1.0 | 7.21 | 51.20 | 58.41 | OK | |
r-devel-linux-x86_64-debian-gcc | 0.1.0 | 4.02 | 38.27 | 42.29 | OK | |
r-devel-linux-x86_64-fedora-clang | 0.1.0 | 70.42 | NOTE | |||
r-devel-linux-x86_64-fedora-gcc | 0.1.0 | 68.45 | OK | |||
r-devel-windows-x86_64 | 0.1.0 | 43.00 | 89.00 | 132.00 | NOTE | |
r-patched-linux-x86_64 | 0.1.0 | 6.15 | 49.42 | 55.57 | OK | |
r-release-linux-x86_64 | 0.1.0 | 6.61 | 50.02 | 56.63 | OK | |
r-release-macos-arm64 | 0.1.0 | 29.00 | NOTE | |||
r-release-macos-x86_64 | 0.1.0 | 38.00 | NOTE | |||
r-release-windows-x86_64 | 0.1.0 | 58.00 | 87.00 | 145.00 | NOTE | |
r-oldrel-macos-arm64 | 0.1.0 | 27.00 | NOTE | |||
r-oldrel-macos-x86_64 | 0.1.0 | 37.00 | NOTE | |||
r-oldrel-windows-ix86+x86_64 | 0.1.0 | 14.00 | 76.00 | 90.00 | NOTE |
Version: 0.1.0
Check: installed package size
Result: NOTE
installed size is 5.7Mb
sub-directories of 1Mb or more:
data 1.8Mb
htmlwidgets 3.7Mb
Flavors: r-devel-linux-x86_64-fedora-clang, r-devel-windows-x86_64, r-release-macos-arm64, r-release-macos-x86_64, r-release-windows-x86_64, r-oldrel-macos-arm64, r-oldrel-macos-x86_64, r-oldrel-windows-ix86+x86_64