CRAN Package Check Results for Package devFunc

Last updated on 2023-02-06 19:54:19 CET.

Flavor Version Tinstall Tcheck Ttotal Status Flags
r-devel-linux-x86_64-debian-clang 0.1 4.02 35.79 39.81 NOTE
r-devel-linux-x86_64-debian-gcc 0.1 3.18 27.02 30.20 NOTE
r-devel-linux-x86_64-fedora-clang 0.1 50.31 NOTE
r-devel-linux-x86_64-fedora-gcc 0.1 48.53 NOTE
r-devel-windows-x86_64 0.1 12.00 65.00 77.00 NOTE
r-patched-linux-x86_64 0.1 5.02 34.19 39.21 NOTE
r-release-linux-x86_64 0.1 3.88 35.39 39.27 NOTE
r-release-macos-arm64 0.1 21.00 NOTE
r-release-macos-x86_64 0.1 23.00 NOTE
r-release-windows-x86_64 0.1 10.00 67.00 77.00 NOTE
r-oldrel-macos-arm64 0.1 24.00 NOTE
r-oldrel-macos-x86_64 0.1 31.00 NOTE
r-oldrel-windows-ix86+x86_64 0.1 10.00 59.00 69.00 NOTE

Additional issues

donttest

Check Details

Version: 0.1
Check: LazyData
Result: NOTE
     'LazyData' is specified without a 'data' directory
Flavors: r-devel-linux-x86_64-debian-clang, r-devel-linux-x86_64-debian-gcc, r-devel-linux-x86_64-fedora-clang, r-devel-linux-x86_64-fedora-gcc, r-devel-windows-x86_64, r-patched-linux-x86_64, r-release-linux-x86_64, r-release-macos-arm64, r-release-macos-x86_64, r-release-windows-x86_64, r-oldrel-macos-arm64, r-oldrel-macos-x86_64, r-oldrel-windows-ix86+x86_64