CRAN Package Check Results for Package devtools

Last updated on 2024-07-20 21:56:01 CEST.

Flavor Version Tinstall Tcheck Ttotal Status Flags
r-devel-linux-x86_64-debian-clang 2.4.5 12.90 124.99 137.89 OK
r-devel-linux-x86_64-debian-gcc 2.4.5 8.00 93.07 101.07 OK
r-devel-linux-x86_64-fedora-clang 2.4.5 178.20 OK
r-devel-linux-x86_64-fedora-gcc 2.4.5 191.47 OK
r-devel-windows-x86_64 2.4.5 14.00 130.00 144.00 NOTE
r-patched-linux-x86_64 2.4.5 17.98 120.82 138.80 OK
r-release-linux-x86_64 2.4.5 6.75 119.66 126.41 OK
r-release-macos-arm64 2.4.5 90.00 OK
r-release-macos-x86_64 2.4.5 131.00 OK
r-release-windows-x86_64 2.4.5 10.00 130.00 140.00 OK
r-oldrel-macos-arm64 2.4.5 73.00 OK
r-oldrel-macos-x86_64 2.4.5 120.00 OK
r-oldrel-windows-x86_64 2.4.5 13.00 148.00 161.00 OK

Check Details

Version: 2.4.5
Check: Rd cross-references
Result: NOTE Found the following Rd file(s) with Rd \link{} targets missing package anchors: check.Rd: compiler_flags remote-reexports.Rd: ellipsis Please provide package anchors for all Rd \link{} targets not in the package itself and the base packages. Flavor: r-devel-windows-x86_64