Last updated on 2022-05-25 21:52:56 CEST.
Flavor | Version | Tinstall | Tcheck | Ttotal | Status | Flags |
---|---|---|---|---|---|---|
r-devel-linux-x86_64-debian-clang | 1.1.5 | 110.63 | 263.98 | 374.61 | OK | |
r-devel-linux-x86_64-debian-gcc | 1.1.5 | 90.78 | 179.64 | 270.42 | OK | |
r-devel-linux-x86_64-fedora-clang | 1.2.1 | 483.49 | NOTE | |||
r-devel-linux-x86_64-fedora-gcc | 1.2.1 | 439.80 | OK | |||
r-devel-windows-x86_64 | 1.2.1 | 115.00 | 290.00 | 405.00 | OK | |
r-patched-linux-x86_64 | 1.1.5 | 92.02 | 229.06 | 321.08 | OK | |
r-release-linux-x86_64 | 1.1.5 | OK | ||||
r-release-macos-arm64 | 1.2.1 | 147.00 | NOTE | |||
r-release-macos-x86_64 | 1.1.5 | 217.00 | NOTE | |||
r-release-windows-x86_64 | 1.1.5 | 130.00 | 285.00 | 415.00 | OK | |
r-oldrel-macos-arm64 | 1.2.1 | 121.00 | NOTE | |||
r-oldrel-macos-x86_64 | 1.1.5 | 151.00 | NOTE | |||
r-oldrel-windows-ix86+x86_64 | 1.1.5 | 256.00 | 395.00 | 651.00 | NOTE |
Version: 1.2.1
Check: installed package size
Result: NOTE
installed size is 7.0Mb
sub-directories of 1Mb or more:
doc 1.3Mb
libs 4.9Mb
Flavors: r-devel-linux-x86_64-fedora-clang, r-release-macos-arm64, r-oldrel-macos-arm64
Version: 1.1.5
Check: installed package size
Result: NOTE
installed size is 9.0Mb
sub-directories of 1Mb or more:
doc 1.1Mb
libs 7.2Mb
Flavors: r-release-macos-x86_64, r-oldrel-macos-x86_64, r-oldrel-windows-ix86+x86_64