CRAN Package Check Results for Package dfpk

Last updated on 2021-02-28 19:47:57 CET.

Flavor Version Tinstall Tcheck Ttotal Status Flags
r-devel-linux-x86_64-debian-clang 3.5.1 NOTE
r-devel-linux-x86_64-debian-gcc 3.5.1 186.61 92.21 278.82 NOTE
r-devel-linux-x86_64-fedora-clang 3.5.1 465.33 NOTE
r-devel-linux-x86_64-fedora-gcc 3.5.1 468.31 NOTE
r-devel-windows-ix86+x86_64 3.5.1 309.00 183.00 492.00 NOTE
r-patched-linux-x86_64 3.5.1 156.63 116.86 273.49 NOTE
r-patched-solaris-x86 3.5.1 416.20 NOTE
r-release-linux-x86_64 3.5.1 168.23 115.79 284.02 NOTE
r-release-macos-x86_64 3.5.1 NOTE
r-release-windows-ix86+x86_64 3.5.1 441.00 244.00 685.00 NOTE
r-oldrel-macos-x86_64 3.5.1 NOTE
r-oldrel-windows-ix86+x86_64 3.5.1 307.00 231.00 538.00 NOTE

Check Details

Version: 3.5.1
Check: for GNU extensions in Makefiles
Result: NOTE
    GNU make is a SystemRequirements.
Flavors: r-devel-linux-x86_64-debian-clang, r-devel-linux-x86_64-debian-gcc, r-devel-linux-x86_64-fedora-clang, r-devel-linux-x86_64-fedora-gcc, r-devel-windows-ix86+x86_64, r-patched-linux-x86_64, r-patched-solaris-x86, r-release-linux-x86_64, r-release-macos-x86_64, r-release-windows-ix86+x86_64, r-oldrel-macos-x86_64, r-oldrel-windows-ix86+x86_64

Version: 3.5.1
Check: installed package size
Result: NOTE
     installed size is 56.9Mb
     sub-directories of 1Mb or more:
     libs 56.3Mb
Flavors: r-devel-linux-x86_64-fedora-clang, r-devel-windows-ix86+x86_64, r-release-macos-x86_64, r-release-windows-ix86+x86_64, r-oldrel-macos-x86_64, r-oldrel-windows-ix86+x86_64