Last updated on 2023-12-03 19:48:30 CET.
Flavor | Version | Tinstall | Tcheck | Ttotal | Status | Flags |
---|---|---|---|---|---|---|
r-devel-linux-x86_64-debian-clang | 3.0.0 | 741.66 | 171.75 | 913.41 | NOTE | |
r-devel-linux-x86_64-debian-gcc | 3.0.0 | 535.35 | 123.13 | 658.48 | NOTE | |
r-devel-linux-x86_64-fedora-clang | 3.0.0 | 1590.31 | NOTE | |||
r-devel-linux-x86_64-fedora-gcc | 3.0.0 | 1422.82 | NOTE | |||
r-devel-windows-x86_64 | 3.0.0 | 580.00 | 172.00 | 752.00 | NOTE | |
r-patched-linux-x86_64 | 3.0.0 | 621.69 | 155.73 | 777.42 | NOTE | |
r-release-linux-x86_64 | 3.0.0 | 650.71 | 159.38 | 810.09 | NOTE | |
r-release-macos-arm64 | 3.0.0 | 285.00 | NOTE | |||
r-release-macos-x86_64 | 3.0.0 | 547.00 | NOTE | |||
r-release-windows-x86_64 | 3.0.0 | 754.00 | 213.00 | 967.00 | NOTE | |
r-oldrel-macos-arm64 | 3.0.0 | 231.00 | NOTE | |||
r-oldrel-macos-x86_64 | 3.0.0 | 347.00 | NOTE | |||
r-oldrel-windows-x86_64 | 3.0.0 | 720.00 | 206.00 | 926.00 | OK |
Version: 3.0.0
Check: C++ specification
Result: NOTE
Specified C++11: please drop specification unless essential
Flavors: r-devel-linux-x86_64-debian-clang, r-devel-linux-x86_64-debian-gcc, r-devel-linux-x86_64-fedora-clang, r-devel-linux-x86_64-fedora-gcc, r-devel-windows-x86_64, r-patched-linux-x86_64, r-release-linux-x86_64, r-release-macos-arm64, r-release-macos-x86_64, r-release-windows-x86_64
Version: 3.0.0
Check: installed package size
Result: NOTE
installed size is 16.7Mb
sub-directories of 1Mb or more:
doc 1.5Mb
libs 14.8Mb
Flavors: r-release-macos-arm64, r-release-macos-x86_64, r-oldrel-macos-arm64, r-oldrel-macos-x86_64