CRAN Package Check Results for Package dials

Last updated on 2021-11-26 20:49:32 CET.

Flavor Version Tinstall Tcheck Ttotal Status Flags
r-devel-linux-x86_64-debian-clang 0.0.10 7.60 75.29 82.89 OK
r-devel-linux-x86_64-debian-gcc 0.0.10 5.81 56.72 62.53 OK
r-devel-linux-x86_64-fedora-clang 0.0.10 116.93 NOTE
r-devel-linux-x86_64-fedora-gcc 0.0.10 108.66 OK
r-devel-windows-x86_64-new-UL 0.0.10 24.00 126.00 150.00 OK
r-devel-windows-x86_64-new-TK 0.0.10 OK
r-devel-windows-x86_64-old 0.0.10 10.00 96.00 106.00 OK
r-patched-linux-x86_64 0.0.10 8.38 70.54 78.92 OK
r-patched-solaris-x86 0.0.10 125.90 OK
r-release-linux-x86_64 0.0.10 OK
r-release-macos-arm64 0.0.10 OK
r-release-macos-x86_64 0.0.10 OK
r-release-windows-ix86+x86_64 0.0.10 16.00 87.00 103.00 OK
r-oldrel-macos-x86_64 0.0.10 OK
r-oldrel-windows-ix86+x86_64 0.0.10 17.00 105.00 122.00 OK

Check Details

Version: 0.0.10
Check: Rd cross-references
Result: NOTE
    Undeclared packages ‘discrim’, ‘sda’ in Rd xrefs
Flavor: r-devel-linux-x86_64-fedora-clang