CRAN Package Check Results for Package didimputation

Last updated on 2024-02-28 19:49:33 CET.

Flavor Version Tinstall Tcheck Ttotal Status Flags
r-devel-linux-x86_64-debian-clang 0.3.0 35.25 58.38 93.63 NOTE
r-devel-linux-x86_64-debian-gcc 0.3.0 31.02 44.42 75.44 NOTE
r-devel-linux-x86_64-fedora-clang 0.3.0 135.71 NOTE
r-devel-linux-x86_64-fedora-gcc 0.3.0 142.35 NOTE
r-devel-windows-x86_64 0.3.0 33.00 85.00 118.00 NOTE
r-patched-linux-x86_64 0.3.0 29.94 57.55 87.49 NOTE
r-release-linux-x86_64 0.3.0 29.36 57.80 87.16 NOTE
r-release-macos-arm64 0.3.0 45.00 NOTE
r-release-macos-x86_64 0.3.0 64.00 NOTE
r-release-windows-x86_64 0.3.0 43.00 99.00 142.00 NOTE
r-oldrel-macos-arm64 0.3.0 44.00 OK
r-oldrel-windows-x86_64 0.3.0 45.00 103.00 148.00 OK

Check Details

Version: 0.3.0
Check: C++ specification
Result: NOTE Specified C++11: please drop specification unless essential Flavors: r-devel-linux-x86_64-debian-clang, r-devel-linux-x86_64-debian-gcc, r-devel-linux-x86_64-fedora-clang, r-devel-linux-x86_64-fedora-gcc, r-devel-windows-x86_64, r-patched-linux-x86_64, r-release-linux-x86_64, r-release-macos-arm64, r-release-macos-x86_64, r-release-windows-x86_64

Version: 0.3.0
Check: Rd files
Result: NOTE checkRd: (-1) did_imputation.Rd:74: Lost braces; missing escapes or markup? 74 | form average treatment effects for groups of {it}. | ^ Flavors: r-devel-linux-x86_64-debian-clang, r-devel-linux-x86_64-debian-gcc, r-devel-linux-x86_64-fedora-clang, r-devel-linux-x86_64-fedora-gcc