CRAN Package Check Results for Package didimputation

Last updated on 2021-12-01 19:51:33 CET.

Flavor Version Tinstall Tcheck Ttotal Status Flags
r-devel-linux-x86_64-debian-clang 0.1.0 37.23 124.87 162.10 OK
r-devel-linux-x86_64-debian-gcc 0.1.0 28.02 93.11 121.13 OK
r-devel-linux-x86_64-fedora-clang 0.1.0 218.10 NOTE
r-devel-linux-x86_64-fedora-gcc 0.1.0 198.96 NOTE
r-devel-windows-x86_64-new-UL 0.1.0 63.00 213.00 276.00 OK
r-devel-windows-x86_64-new-TK 0.1.0 NOTE
r-devel-windows-x86_64-old 0.1.0 51.00 136.00 187.00 OK
r-patched-linux-x86_64 0.1.0 30.43 122.43 152.86 OK
r-patched-solaris-x86 0.1.0 269.30 NOTE
r-release-linux-x86_64 0.1.0 30.16 123.25 153.41 OK
r-release-macos-arm64 0.1.0 NOTE
r-release-macos-x86_64 0.1.0 NOTE
r-release-windows-ix86+x86_64 0.1.0 93.00 227.00 320.00 OK
r-oldrel-macos-x86_64 0.1.0 NOTE
r-oldrel-windows-ix86+x86_64 0.1.0 65.00 211.00 276.00 OK

Check Details

Version: 0.1.0
Check: dependencies in R code
Result: NOTE
    Namespace in Imports field not imported from: ‘rlang’
     All declared Imports should be used.
Flavors: r-devel-linux-x86_64-fedora-clang, r-devel-linux-x86_64-fedora-gcc, r-devel-windows-x86_64-new-TK, r-patched-solaris-x86, r-release-macos-arm64, r-release-macos-x86_64, r-oldrel-macos-x86_64