CRAN Package Check Results for Package difconet

Last updated on 2024-06-13 21:49:11 CEST.

Flavor Version Tinstall Tcheck Ttotal Status Flags
r-devel-linux-x86_64-debian-clang 1.0-4 4.01 57.42 61.43 OK
r-devel-linux-x86_64-debian-gcc 1.0-4 0.34 1.68 2.02 ERROR
r-devel-linux-x86_64-fedora-clang 1.0-4 76.91 OK
r-devel-linux-x86_64-fedora-gcc 1.0-4 73.20 OK
r-devel-windows-x86_64 1.0-4 6.00 65.00 71.00 OK
r-patched-linux-x86_64 1.0-4 4.91 55.70 60.61 OK
r-release-linux-x86_64 1.0-4 4.68 55.61 60.29 OK
r-release-macos-arm64 1.0-4 28.00 OK
r-release-macos-x86_64 1.0-4 47.00 OK
r-release-windows-x86_64 1.0-4 5.00 67.00 72.00 OK
r-oldrel-macos-arm64 1.0-4 32.00 OK
r-oldrel-macos-x86_64 1.0-4 44.00 OK
r-oldrel-windows-x86_64 1.0-4 6.00 71.00 77.00 OK

Check Details

Version: 1.0-4
Check: package dependencies
Result: ERROR Package required but not available: ‘stringr’ See section ‘The DESCRIPTION file’ in the ‘Writing R Extensions’ manual. Flavor: r-devel-linux-x86_64-debian-gcc