CRAN Package Check Results for Package diffeqr

Last updated on 2022-08-11 21:50:03 CEST.

Flavor Version Tinstall Tcheck Ttotal Status Flags
r-devel-linux-x86_64-debian-clang 1.1.1 3.60 34.25 37.85 OK
r-devel-linux-x86_64-debian-gcc 1.1.1 2.63 26.82 29.45 OK
r-devel-linux-x86_64-fedora-clang 1.1.1 57.33 NOTE
r-devel-linux-x86_64-fedora-gcc 1.1.1 57.25 OK
r-devel-windows-x86_64 1.1.1 10.00 74.00 84.00 NOTE
r-patched-linux-x86_64 1.1.1 3.84 33.84 37.68 OK
r-release-linux-x86_64 1.1.1 3.61 34.04 37.65 OK
r-release-macos-arm64 1.1.1 40.00 NOTE
r-release-macos-x86_64 1.1.1 42.00 NOTE
r-release-windows-x86_64 1.1.1 18.00 71.00 89.00 NOTE
r-oldrel-macos-arm64 1.1.1 23.00 NOTE
r-oldrel-macos-x86_64 1.1.1 30.00 NOTE
r-oldrel-windows-ix86+x86_64 1.1.1 7.00 60.00 67.00 NOTE

Check Details

Version: 1.1.1
Check: installed package size
Result: NOTE
     installed size is 10.9Mb
     sub-directories of 1Mb or more:
     doc 10.8Mb
Flavors: r-devel-linux-x86_64-fedora-clang, r-devel-windows-x86_64, r-release-macos-arm64, r-release-macos-x86_64, r-release-windows-x86_64, r-oldrel-macos-arm64, r-oldrel-macos-x86_64, r-oldrel-windows-ix86+x86_64