Last updated on 2023-01-27 19:49:29 CET.
Flavor | Version | Tinstall | Tcheck | Ttotal | Status | Flags |
---|---|---|---|---|---|---|
r-devel-linux-x86_64-debian-clang | 1.2.2 | 2.43 | 35.10 | 37.53 | NOTE | |
r-devel-linux-x86_64-debian-gcc | 1.2.2 | 2.92 | 26.98 | 29.90 | NOTE | |
r-devel-linux-x86_64-fedora-clang | 1.2.2 | 48.63 | NOTE | |||
r-devel-linux-x86_64-fedora-gcc | 1.2.2 | 92.98 | NOTE | |||
r-devel-windows-x86_64 | 1.2.2 | 28.00 | 66.00 | 94.00 | NOTE | |
r-patched-linux-x86_64 | 1.2.2 | 3.84 | 33.97 | 37.81 | NOTE | |
r-release-linux-x86_64 | 1.2.2 | 3.36 | 59.60 | 62.96 | NOTE | |
r-release-macos-arm64 | 1.2.2 | 24.00 | NOTE | |||
r-release-macos-x86_64 | 1.2.2 | 35.00 | NOTE | |||
r-release-windows-x86_64 | 1.2.2 | 27.00 | 95.00 | 122.00 | NOTE | |
r-oldrel-macos-arm64 | 1.2.2 | 26.00 | NOTE | |||
r-oldrel-macos-x86_64 | 1.2.2 | 47.00 | NOTE | |||
r-oldrel-windows-ix86+x86_64 | 1.2.2 | 8.00 | 65.00 | 73.00 | NOTE |
Version: 1.2.2
Check: LazyData
Result: NOTE
'LazyData' is specified without a 'data' directory
Flavors: r-devel-linux-x86_64-debian-clang, r-devel-linux-x86_64-debian-gcc, r-devel-linux-x86_64-fedora-clang, r-devel-linux-x86_64-fedora-gcc, r-devel-windows-x86_64, r-patched-linux-x86_64, r-release-linux-x86_64, r-release-macos-arm64, r-release-macos-x86_64, r-release-windows-x86_64, r-oldrel-macos-arm64, r-oldrel-macos-x86_64, r-oldrel-windows-ix86+x86_64