Last updated on 2023-02-07 19:58:06 CET.
Flavor | Version | Tinstall | Tcheck | Ttotal | Status | Flags |
---|---|---|---|---|---|---|
r-devel-linux-x86_64-debian-clang | 1.0 | 30.67 | 265.57 | 296.24 | OK | |
r-devel-linux-x86_64-debian-gcc | 1.0 | 27.20 | 198.37 | 225.57 | OK | |
r-devel-linux-x86_64-fedora-clang | 1.0 | 359.73 | NOTE | |||
r-devel-linux-x86_64-fedora-gcc | 1.0 | 354.70 | NOTE | |||
r-devel-windows-x86_64 | 1.0 | 33.00 | 248.00 | 281.00 | OK | |
r-patched-linux-x86_64 | 1.0 | 32.62 | 258.09 | 290.71 | OK | |
r-release-linux-x86_64 | 1.0 | 29.30 | 259.83 | 289.13 | OK | |
r-release-macos-arm64 | 1.0 | 57.00 | NOTE | |||
r-release-macos-x86_64 | 1.0 | 101.00 | NOTE | |||
r-release-windows-x86_64 | 1.0 | 36.00 | 272.00 | 308.00 | OK | |
r-oldrel-macos-arm64 | 1.0 | 54.00 | NOTE | |||
r-oldrel-macos-x86_64 | 1.0 | 102.00 | NOTE | |||
r-oldrel-windows-ix86+x86_64 | 1.0 | 67.00 | 340.00 | 407.00 | OK |
Version: 1.0
Check: dependencies in R code
Result: NOTE
Namespace in Imports field not imported from: ‘rgdal’
All declared Imports should be used.
Flavors: r-devel-linux-x86_64-fedora-clang, r-devel-linux-x86_64-fedora-gcc, r-release-macos-arm64, r-release-macos-x86_64, r-oldrel-macos-arm64, r-oldrel-macos-x86_64