CRAN Package Check Results for Package distr

Last updated on 2022-01-28 19:50:53 CET.

Flavor Version Tinstall Tcheck Ttotal Status Flags
r-devel-linux-x86_64-debian-clang 2.8.0 39.28 241.67 280.95 OK
r-devel-linux-x86_64-debian-gcc 2.8.0 29.31 177.05 206.36 OK
r-devel-linux-x86_64-fedora-clang 2.8.0 255.73 NOTE
r-devel-linux-x86_64-fedora-gcc 2.8.0 248.15 OK
r-devel-windows-x86_64-new-UL 2.8.0 275.00 294.00 569.00 OK
r-devel-windows-x86_64-new-TK 2.8.0 OK
r-patched-linux-x86_64 2.8.0 42.21 227.26 269.47 OK
r-release-linux-x86_64 2.8.0 33.61 228.45 262.06 OK
r-release-macos-arm64 2.8.0 OK
r-release-macos-x86_64 2.8.0 OK
r-release-windows-ix86+x86_64 2.8.0 62.00 440.00 502.00 OK
r-oldrel-macos-x86_64 2.8.0 OK
r-oldrel-windows-ix86+x86_64 2.8.0 65.00 452.00 517.00 OK

Check Details

Version: 2.8.0
Check: Rd cross-references
Result: NOTE
    Undeclared packages ‘distrMod’, ‘RobAStBase’ in Rd xrefs
Flavor: r-devel-linux-x86_64-fedora-clang