CRAN Package Check Results for Package distrTEst

Last updated on 2022-01-25 19:50:28 CET.

Flavor Version Tinstall Tcheck Ttotal Status Flags
r-devel-linux-x86_64-debian-clang 2.8.0 24.43 69.21 93.64 NOTE
r-devel-linux-x86_64-debian-gcc 2.8.0 19.26 57.63 76.89 NOTE
r-devel-linux-x86_64-fedora-clang 2.8.0 109.61 NOTE
r-devel-linux-x86_64-fedora-gcc 2.8.0 100.09 NOTE
r-devel-windows-x86_64-new-UL 2.8.0 80.00 93.00 173.00 OK
r-devel-windows-x86_64-new-TK 2.8.0 OK
r-patched-linux-x86_64 2.8.0 16.87 64.79 81.66 NOTE
r-release-linux-x86_64 2.8.0 14.00 63.65 77.65 NOTE
r-release-macos-arm64 2.8.0 OK
r-release-macos-x86_64 2.8.0 OK
r-release-windows-ix86+x86_64 2.8.0 36.00 78.00 114.00 OK
r-oldrel-macos-x86_64 2.8.0 OK
r-oldrel-windows-ix86+x86_64 2.8.0 35.00 78.00 113.00 OK

Check Details

Version: 2.8.0
Check: for non-standard things in the check directory
Result: NOTE
    Found the following files/directories:
     'csim.mean' 'csim.mean.comment'
Flavors: r-devel-linux-x86_64-debian-clang, r-devel-linux-x86_64-debian-gcc, r-devel-linux-x86_64-fedora-clang, r-devel-linux-x86_64-fedora-gcc, r-patched-linux-x86_64, r-release-linux-x86_64

Version: 2.8.0
Check: Rd cross-references
Result: NOTE
    Undeclared package ‘distr’ in Rd xrefs
Flavor: r-devel-linux-x86_64-fedora-clang