Last updated on 2023-06-02 22:01:11 CEST.
Flavor | Version | Tinstall | Tcheck | Ttotal | Status | Flags |
---|---|---|---|---|---|---|
r-devel-linux-x86_64-debian-clang | 0.0-8 | 12.68 | 94.26 | 106.94 | OK | |
r-devel-linux-x86_64-debian-gcc | 0.0-8 | 8.99 | 73.48 | 82.47 | OK | |
r-devel-linux-x86_64-fedora-clang | 0.0-8 | 136.80 | OK | |||
r-devel-linux-x86_64-fedora-gcc | 0.0-8 | 135.08 | OK | |||
r-devel-windows-x86_64 | 0.0-8 | 14.00 | 86.00 | 100.00 | OK | |
r-patched-linux-x86_64 | 0.0-8 | OK | ||||
r-release-linux-x86_64 | 0.0-8 | 8.62 | 92.47 | 101.09 | OK | |
r-release-macos-arm64 | 0.0-8 | 45.00 | OK | |||
r-release-macos-x86_64 | 0.0-8 | 72.00 | NOTE | |||
r-release-windows-x86_64 | 0.0-8 | 18.00 | 101.00 | 119.00 | OK | |
r-oldrel-macos-arm64 | 0.0-8 | 39.00 | OK | |||
r-oldrel-macos-x86_64 | 0.0-8 | 65.00 | OK | |||
r-oldrel-windows-x86_64 | 0.0-8 | 17.00 | 108.00 | 125.00 | OK |
Version: 0.0-8
Check: package dependencies
Result: NOTE
Package suggested but not available for checking: ‘ecespa’
Flavor: r-release-macos-x86_64
Version: 0.0-8
Check: Rd cross-references
Result: NOTE
Package unavailable to check Rd xrefs: ‘ecespa’
Flavor: r-release-macos-x86_64