CRAN Package Check Results for Package doFuture

Last updated on 2023-03-27 20:52:12 CEST.

Flavor Version Tinstall Tcheck Ttotal Status Flags
r-devel-linux-x86_64-debian-clang 0.12.2 3.41 88.68 92.09 OK
r-devel-linux-x86_64-debian-gcc 1.0.0 2.91 94.76 97.67 OK
r-devel-linux-x86_64-fedora-clang 1.0.0 159.20 OK
r-devel-linux-x86_64-fedora-gcc 1.0.0 181.15 OK
r-devel-windows-x86_64 1.0.0 43.00 243.00 286.00 OK
r-patched-linux-x86_64 1.0.0 6.18 117.36 123.54 OK
r-release-linux-x86_64 1.0.0 3.27 119.78 123.05 OK
r-release-macos-arm64 1.0.0 84.00 OK
r-release-macos-x86_64 1.0.0 131.00 OK
r-release-windows-x86_64 1.0.0 32.00 253.00 285.00 OK
r-oldrel-macos-arm64 1.0.0 80.00 OK
r-oldrel-macos-x86_64 1.0.0 138.00 OK
r-oldrel-windows-ix86+x86_64 1.0.0 3.00 20.00 23.00 ERROR

Check Details

Version: 1.0.0
Check: whether package can be installed
Result: ERROR
    Installation failed.
Flavor: r-oldrel-windows-ix86+x86_64