CRAN Package Check Results for Package doMPI

Last updated on 2024-02-24 19:50:37 CET.

Flavor Version Tinstall Tcheck Ttotal Status Flags
r-devel-linux-x86_64-debian-clang 0.2.2 4.07 37.08 41.15 OK
r-devel-linux-x86_64-debian-gcc 0.2.2 2.78 29.76 32.54 OK
r-devel-linux-x86_64-fedora-clang 0.2.2 59.48 OK
r-devel-linux-x86_64-fedora-gcc 0.2.2 71.28 OK
r-devel-windows-x86_64 0.2.2 4.00 57.00 61.00 OK
r-patched-linux-x86_64 0.2.2 4.53 36.33 40.86 OK
r-release-linux-x86_64 0.2.2 4.06 36.52 40.58 OK
r-release-macos-arm64 0.2.2 10.00 ERROR
r-release-macos-x86_64 0.2.2 8.00 ERROR
r-release-windows-x86_64 0.2.2 5.00 57.00 62.00 OK
r-oldrel-macos-arm64 0.2.2 10.00 ERROR
r-oldrel-windows-x86_64 0.2.2 5.00 61.00 66.00 OK

Check Details

Version: 0.2.2
Check: package dependencies
Result: ERROR Package required but not available: ‘Rmpi’ See section ‘The DESCRIPTION file’ in the ‘Writing R Extensions’ manual. Flavors: r-release-macos-arm64, r-release-macos-x86_64, r-oldrel-macos-arm64