CRAN Package Check Results for Package doParallel

Last updated on 2021-05-07 21:53:55 CEST.

Flavor Version Tinstall Tcheck Ttotal Status Flags
r-devel-linux-x86_64-debian-clang 1.0.16 2.40 127.72 130.12 NOTE
r-devel-linux-x86_64-debian-gcc 1.0.16 1.85 93.64 95.49 NOTE
r-devel-linux-x86_64-fedora-clang 1.0.16 166.21 OK
r-devel-linux-x86_64-fedora-gcc 1.0.16 155.46 OK
r-devel-windows-ix86+x86_64 1.0.16 6.00 157.00 163.00 OK
r-devel-windows-x86_64-gcc10-UCRT 1.0.16 OK
r-patched-linux-x86_64 1.0.16 2.67 119.16 121.83 NOTE
r-patched-solaris-x86 1.0.16 304.00 OK
r-release-linux-x86_64 1.0.16 2.42 119.47 121.89 NOTE
r-release-macos-x86_64 1.0.16 OK
r-release-windows-ix86+x86_64 1.0.16 5.00 115.00 120.00 OK
r-oldrel-macos-x86_64 1.0.16 OK

Check Details

Version: 1.0.16
Check: R code for possible problems
Result: NOTE
    Found the following calls to attach():
    File 'doParallel/R/doParallel.R':
     attach(exportEnv)
    See section 'Good practice' in '?attach'.
Flavors: r-devel-linux-x86_64-debian-clang, r-devel-linux-x86_64-debian-gcc, r-patched-linux-x86_64, r-release-linux-x86_64