CRAN Package Check Results for Package doc2vec

Last updated on 2022-05-20 21:52:49 CEST.

Flavor Version Tinstall Tcheck Ttotal Status Flags
r-devel-linux-x86_64-debian-clang 0.2.0 117.43 63.97 181.40 OK
r-devel-linux-x86_64-debian-gcc 0.2.0 96.10 46.65 142.75 OK
r-devel-linux-x86_64-fedora-clang 0.2.0 278.56 NOTE
r-devel-linux-x86_64-fedora-gcc 0.2.0 240.02 NOTE
r-devel-windows-x86_64 0.2.0 96.00 110.00 206.00 NOTE
r-patched-linux-x86_64 0.2.0 96.23 62.83 159.06 OK
r-release-linux-x86_64 0.2.0 96.47 63.54 160.01 OK
r-release-macos-arm64 0.2.0 62.00 NOTE
r-release-macos-x86_64 0.2.0 87.00 NOTE
r-release-windows-x86_64 0.2.0 99.00 109.00 208.00 NOTE
r-oldrel-macos-arm64 0.2.0 64.00 NOTE
r-oldrel-macos-x86_64 0.2.0 142.00 NOTE
r-oldrel-windows-ix86+x86_64 0.2.0 281.00 139.00 420.00 NOTE

Check Details

Version: 0.2.0
Check: installed package size
Result: NOTE
     installed size is 6.8Mb
     sub-directories of 1Mb or more:
     data 4.8Mb
     libs 1.8Mb
Flavors: r-devel-linux-x86_64-fedora-clang, r-devel-windows-x86_64, r-release-macos-arm64, r-release-macos-x86_64, r-release-windows-x86_64, r-oldrel-macos-arm64, r-oldrel-macos-x86_64, r-oldrel-windows-ix86+x86_64

Version: 0.2.0
Check: data for non-ASCII characters
Result: NOTE
     Note: found 9796 marked UTF-8 strings
Flavors: r-devel-linux-x86_64-fedora-clang, r-devel-linux-x86_64-fedora-gcc, r-release-macos-arm64, r-release-macos-x86_64, r-oldrel-macos-arm64, r-oldrel-macos-x86_64