CRAN Package Check Results for Package doconv

Last updated on 2021-11-28 19:48:49 CET.

Flavor Version Tinstall Tcheck Ttotal Status Flags
r-devel-linux-x86_64-debian-clang 0.1.3 OK
r-devel-linux-x86_64-debian-gcc 0.1.3 1.86 22.26 24.12 OK
r-devel-linux-x86_64-fedora-clang 0.1.3 54.95 OK
r-devel-linux-x86_64-fedora-gcc 0.1.3 41.30 OK
r-devel-windows-x86_64-new-UL 0.1.3 7.00 66.00 73.00 OK
r-devel-windows-x86_64-new-TK 0.1.3 OK
r-devel-windows-x86_64-old 0.1.3 5.00 52.00 57.00 OK
r-patched-linux-x86_64 0.1.3 5.97 27.17 33.14 OK
r-patched-solaris-x86 0.1.3 80.30 NOTE
r-release-linux-x86_64 0.1.3 2.86 27.06 29.92 OK
r-release-macos-arm64 0.1.3 OK
r-release-macos-x86_64 0.1.3 OK
r-release-windows-ix86+x86_64 0.1.3 13.00 39.00 52.00 OK
r-oldrel-macos-x86_64 0.1.3 OK
r-oldrel-windows-ix86+x86_64 0.1.3 6.00 47.00 53.00 OK

Check Details

Version: 0.1.3
Check: for non-standard things in the check directory
Result: NOTE
    Found the following files/directories:
     ‘core’
Flavor: r-patched-solaris-x86