Last updated on 2023-06-07 22:02:41 CEST.
Flavor | Version | Tinstall | Tcheck | Ttotal | Status | Flags |
---|---|---|---|---|---|---|
r-devel-linux-x86_64-debian-clang | 1.42.2 | 17.78 | 182.30 | 200.08 | OK | |
r-devel-linux-x86_64-debian-gcc | 1.42.2 | 15.18 | 135.38 | 150.56 | OK | |
r-devel-linux-x86_64-fedora-clang | 1.42.2 | 257.36 | NOTE | |||
r-devel-linux-x86_64-fedora-gcc | 1.42.2 | 253.38 | OK | |||
r-devel-windows-x86_64 | 1.42.2 | 18.00 | 162.00 | 180.00 | NOTE | |
r-patched-linux-x86_64 | 1.42.2 | 13.31 | 175.42 | 188.73 | OK | |
r-release-linux-x86_64 | 1.42.2 | 12.85 | 175.29 | 188.14 | OK | |
r-release-macos-arm64 | 1.42.2 | 65.00 | NOTE | |||
r-release-macos-x86_64 | 1.42.2 | 1803.00 | NOTE | |||
r-release-windows-x86_64 | 1.42.2 | 22.00 | 202.00 | 224.00 | NOTE | |
r-oldrel-macos-arm64 | 1.42.2 | 195.00 | NOTE | |||
r-oldrel-macos-x86_64 | 1.42.2 | 370.00 | NOTE | |||
r-oldrel-windows-x86_64 | 1.42.2 | 26.00 | 201.00 | 227.00 | NOTE |
Version: 1.42.2
Check: installed package size
Result: NOTE
installed size is 6.6Mb
sub-directories of 1Mb or more:
R 2.1Mb
data 2.0Mb
extdata 2.3Mb
Flavors: r-devel-linux-x86_64-fedora-clang, r-devel-windows-x86_64, r-release-macos-arm64, r-release-macos-x86_64, r-release-windows-x86_64, r-oldrel-macos-arm64, r-oldrel-macos-x86_64, r-oldrel-windows-x86_64
Version: 1.42.2
Check: Rd cross-references
Result: NOTE
Undeclared package ‘molaR’ in Rd xrefs
Flavor: r-devel-linux-x86_64-fedora-clang