Last updated on 2023-12-07 19:58:26 CET.
Flavor | Version | Tinstall | Tcheck | Ttotal | Status | Flags |
---|---|---|---|---|---|---|
r-devel-linux-x86_64-debian-clang | 1.42.2 | 18.34 | 178.78 | 197.12 | NOTE | |
r-devel-linux-x86_64-debian-gcc | 1.42.2 | 13.13 | 129.11 | 142.24 | NOTE | |
r-devel-linux-x86_64-fedora-clang | 1.42.2 | 244.58 | NOTE | |||
r-devel-linux-x86_64-fedora-gcc | 1.42.2 | 237.32 | OK | |||
r-devel-windows-x86_64 | 1.42.2 | 18.00 | 162.00 | 180.00 | NOTE | |
r-patched-linux-x86_64 | 1.42.2 | 16.36 | 173.54 | 189.90 | OK | |
r-release-linux-x86_64 | 1.42.2 | 12.66 | 174.63 | 187.29 | OK | |
r-release-macos-arm64 | 1.42.2 | 65.00 | NOTE | |||
r-release-macos-x86_64 | 1.42.2 | 1803.00 | NOTE | |||
r-release-windows-x86_64 | 1.42.2 | 22.00 | 195.00 | 217.00 | NOTE | |
r-oldrel-macos-arm64 | 1.42.2 | 195.00 | NOTE | |||
r-oldrel-macos-x86_64 | 1.42.2 | 370.00 | NOTE | |||
r-oldrel-windows-x86_64 | 1.42.2 | 25.00 | 197.00 | 222.00 | NOTE |
Version: 1.42.2
Check: Rd files
Result: NOTE
checkRd: (-1) dkprofile.Rd:64: Lost braces
64 | \doi{10.3389/fphys.2017.00524}{Thiery et al. (2017)}
| ^
checkRd: (-1) dne.Rd:45: Lost braces
45 | \doi{10.1002/ajpa.21489}{Bunn et al. (2011)}
| ^
checkRd: (-1) dne.Rd:47: Lost braces
47 | \doi{10.1007/s10914-016-9326-0}{Pampush et al. (2016)}
| ^
checkRd: (-1) inclin.Rd:28: Lost braces
28 | \doi{10.1371/journal.pone.0066142}{Guy et al. (2013)}
| ^
checkRd: (-1) oedist.Rd:43: Lost braces
43 | \doi{10.1371/journal.pone.0066142}{Guy et al. (2013)}
| ^
checkRd: (-1) oedist.Rd:45: Lost braces
45 | \doi{10.1371/journal.pone.0138802}{Guy et al. (2015)}
| ^
checkRd: (-1) oedist.Rd:47: Lost braces
47 | \doi{10.3389/fphys.2017.00524}{Thiery et al. (2017)}
| ^
checkRd: (-1) oedist.Rd:49: Lost braces
49 | \doi{10.1098/rsbl.2019.0671}{Schwartz et al. (2020)}
| ^
checkRd: (-1) opc.Rd:36: Lost braces
36 | \doi{10.1038/nature05433}{Evans et al. (2007)}
| ^
checkRd: (-1) opcr.Rd:30: Lost braces
30 | \doi{10.1038/nature10880}{Wilson et al. (2012)}
| ^
checkRd: (-1) rfi.Rd:34: Lost braces
34 | \doi{10.1016/j.jhevol.2008.08.002}{Boyer (2008)}
| ^
checkRd: (-1) rfi.Rd:35: Lost braces
35 | \doi{10.1371/journal.pone.0066142}{Guy et al. (2013)}
| ^
checkRd: (-1) rrate.Rd:34: Lost braces
34 | \doi{10.1002/ajpa.23916}{Thiery et al. (2019)}
| ^
checkRd: (-1) shape.index.Rd:44: Lost braces
44 | \doi{10.1029/TR013i001p00350}{Horton (1932)}
| ^
checkRd: (-1) shape.index.Rd:46: Lost braces
46 | \doi{10.1130/0016-7606(1956)67[597:EODSAS]2.0.CO;2}{Schumm (1956)}
| ^
checkRd: (-1) shape.index.Rd:48: Lost braces
48 | \doi{10.2475/ajs.255.2.138}{Chorley et al. (1957)}
| ^
Flavors: r-devel-linux-x86_64-debian-clang, r-devel-linux-x86_64-debian-gcc
Version: 1.42.2
Check: installed package size
Result: NOTE
installed size is 6.4Mb
sub-directories of 1Mb or more:
R 2.0Mb
data 1.9Mb
extdata 2.3Mb
Flavors: r-devel-linux-x86_64-fedora-clang, r-devel-windows-x86_64, r-release-macos-arm64, r-release-macos-x86_64, r-release-windows-x86_64, r-oldrel-macos-arm64, r-oldrel-macos-x86_64, r-oldrel-windows-x86_64
Version: 1.42.2
Check: Rd cross-references
Result: NOTE
Undeclared package ‘molaR’ in Rd xrefs
Flavor: r-devel-linux-x86_64-fedora-clang