Last updated on 2023-06-07 22:02:41 CEST.
Flavor | Version | Tinstall | Tcheck | Ttotal | Status | Flags |
---|---|---|---|---|---|---|
r-devel-linux-x86_64-debian-clang | 0.3.2 | 3.30 | 47.24 | 50.54 | OK | |
r-devel-linux-x86_64-debian-gcc | 0.3.2 | 2.34 | 36.03 | 38.37 | OK | |
r-devel-linux-x86_64-fedora-clang | 0.3.2 | 62.17 | NOTE | |||
r-devel-linux-x86_64-fedora-gcc | 0.3.2 | 70.95 | OK | |||
r-devel-windows-x86_64 | 0.3.2 | 5.00 | 60.00 | 65.00 | NOTE | |
r-patched-linux-x86_64 | 0.3.2 | 3.16 | 45.33 | 48.49 | OK | |
r-release-linux-x86_64 | 0.3.2 | 3.38 | 45.21 | 48.59 | OK | |
r-release-macos-arm64 | 0.3.2 | 42.00 | NOTE | |||
r-release-macos-x86_64 | 0.3.2 | 48.00 | NOTE | |||
r-release-windows-x86_64 | 0.3.2 | 5.00 | 65.00 | 70.00 | NOTE | |
r-oldrel-macos-arm64 | 0.3.2 | 25.00 | NOTE | |||
r-oldrel-macos-x86_64 | 0.3.2 | 38.00 | NOTE | |||
r-oldrel-windows-x86_64 | 0.3.2 | 6.00 | 69.00 | 75.00 | NOTE |
Version: 0.3.2
Check: installed package size
Result: NOTE
installed size is 5.3Mb
sub-directories of 1Mb or more:
assets 2.9Mb
doc 2.1Mb
Flavors: r-devel-linux-x86_64-fedora-clang, r-devel-windows-x86_64, r-release-macos-arm64, r-release-macos-x86_64, r-release-windows-x86_64, r-oldrel-macos-arm64, r-oldrel-macos-x86_64, r-oldrel-windows-x86_64