CRAN Package Check Results for Package dowser

Last updated on 2024-03-04 19:54:10 CET.

Flavor Version Tinstall Tcheck Ttotal Status Flags
r-devel-linux-x86_64-debian-clang 2.1.0 0.75 2.37 3.12 ERROR
r-devel-linux-x86_64-debian-gcc 2.1.0 51.67 538.12 589.79 OK
r-devel-linux-x86_64-fedora-clang 2.1.0 998.22 OK
r-devel-linux-x86_64-fedora-gcc 2.1.0 957.68 OK
r-devel-windows-x86_64 2.1.0 53.00 588.00 641.00 OK
r-patched-linux-x86_64 2.1.0 45.56 693.36 738.92 OK
r-release-linux-x86_64 2.1.0 43.50 702.33 745.83 OK
r-release-macos-arm64 2.1.0 246.00 OK
r-release-macos-x86_64 2.1.0 449.00 OK
r-release-windows-x86_64 2.1.0 69.00 752.00 821.00 OK
r-oldrel-macos-arm64 2.1.0 261.00 OK
r-oldrel-windows-x86_64 2.1.0 63.00 642.00 705.00 OK

Check Details

Version: 2.1.0
Check: package dependencies
Result: ERROR Package required but not available: ‘ggtree’ See section ‘The DESCRIPTION file’ in the ‘Writing R Extensions’ manual. Flavor: r-devel-linux-x86_64-debian-clang