Last updated on 2021-03-03 19:48:04 CET.
Flavor | Version | Tinstall | Tcheck | Ttotal | Status | Flags |
---|---|---|---|---|---|---|
r-devel-linux-x86_64-debian-clang | 0.1.1 | 24.00 | 49.69 | 73.69 | OK | |
r-devel-linux-x86_64-debian-gcc | 0.1.1 | 15.92 | 38.26 | 54.18 | OK | |
r-devel-linux-x86_64-fedora-clang | 0.1.1 | 103.26 | NOTE | |||
r-devel-linux-x86_64-fedora-gcc | 0.1.1 | 92.64 | OK | |||
r-devel-windows-ix86+x86_64 | 0.1.1 | 55.00 | 109.00 | 164.00 | OK | |
r-patched-linux-x86_64 | 0.1.1 | 20.13 | 47.37 | 67.50 | OK | |
r-patched-solaris-x86 | 0.1.1 | 109.30 | OK | |||
r-release-linux-x86_64 | 0.1.1 | 19.46 | 47.84 | 67.30 | OK | |
r-release-macos-x86_64 | 0.1.1 | OK | ||||
r-release-windows-ix86+x86_64 | 0.1.1 | 49.00 | 83.00 | 132.00 | OK | |
r-oldrel-macos-x86_64 | 0.1.1 | OK | ||||
r-oldrel-windows-ix86+x86_64 | 0.1.1 | 51.00 | 90.00 | 141.00 | OK |
Version: 0.1.1
Check: Rd cross-references
Result: NOTE
Undeclared package ‘RcppEigen’ in Rd xrefs
Flavor: r-devel-linux-x86_64-fedora-clang