CRAN Package Check Results for Package dqrng

Last updated on 2022-01-24 20:17:47 CET.

Flavor Version Tinstall Tcheck Ttotal Status Flags
r-devel-linux-x86_64-debian-clang 0.3.0 27.48 133.71 161.19 OK
r-devel-linux-x86_64-debian-gcc 0.3.0 19.41 103.75 123.16 OK
r-devel-linux-x86_64-fedora-clang 0.3.0 224.66 NOTE
r-devel-linux-x86_64-fedora-gcc 0.3.0 198.24 OK
r-devel-windows-x86_64-new-UL 0.3.0 33.00 194.00 227.00 OK
r-devel-windows-x86_64-new-TK 0.3.0 OK
r-patched-linux-x86_64 0.3.0 21.41 129.49 150.90 OK
r-release-linux-x86_64 0.3.0 26.08 134.49 160.57 OK
r-release-macos-arm64 0.3.0 OK
r-release-macos-x86_64 0.3.0 OK
r-release-windows-ix86+x86_64 0.3.0 70.00 226.00 296.00 OK
r-oldrel-macos-x86_64 0.3.0 OK
r-oldrel-windows-ix86+x86_64 0.3.0 70.00 229.00 299.00 OK

Check Details

Version: 0.3.0
Check: Rd cross-references
Result: NOTE
    Undeclared package ‘sitmo’ in Rd xrefs
Flavor: r-devel-linux-x86_64-fedora-clang