CRAN Package Check Results for Package dragracer

Last updated on 2021-12-03 19:50:09 CET.

Flavor Version Tinstall Tcheck Ttotal Status Flags
r-devel-linux-x86_64-debian-clang 0.1.6 1.94 24.34 26.28 OK
r-devel-linux-x86_64-debian-gcc 0.1.6 1.46 19.19 20.65 OK
r-devel-linux-x86_64-fedora-clang 0.1.6 43.54 NOTE
r-devel-linux-x86_64-fedora-gcc 0.1.6 32.21 NOTE
r-devel-windows-x86_64-new-UL 0.1.6 6.00 62.00 68.00 OK
r-devel-windows-x86_64-new-TK 0.1.6 NOTE
r-devel-windows-x86_64-old 0.1.6 4.00 34.00 38.00 OK
r-patched-linux-x86_64 0.1.6 1.91 23.09 25.00 OK
r-release-linux-x86_64 0.1.6 1.92 22.69 24.61 OK
r-release-macos-arm64 0.1.6 NOTE
r-release-macos-x86_64 0.1.6 NOTE
r-release-windows-ix86+x86_64 0.1.6 5.00 45.00 50.00 OK
r-oldrel-macos-x86_64 0.1.6 NOTE
r-oldrel-windows-ix86+x86_64 0.1.6 7.00 44.00 51.00 OK

Check Details

Version: 0.1.6
Check: data for non-ASCII characters
Result: NOTE
     Note: found 100 marked UTF-8 strings
Flavors: r-devel-linux-x86_64-fedora-clang, r-devel-linux-x86_64-fedora-gcc, r-devel-windows-x86_64-new-TK, r-release-macos-arm64, r-release-macos-x86_64, r-oldrel-macos-x86_64